{"id":961,"date":"2017-03-30T19:16:05","date_gmt":"2017-03-30T17:16:05","guid":{"rendered":"http:\/\/www.vorbei-ev.de\/wwwa\/?page_id=961"},"modified":"2017-03-30T19:44:12","modified_gmt":"2017-03-30T17:44:12","slug":"gsvbw-22-elmlohe","status":"publish","type":"page","link":"https:\/\/www.vorbei-ev.de\/wwwa\/gsvbw-22-elmlohe\/","title":{"rendered":"GSVBw 22 Elmlohe"},"content":{"rendered":"<h1>GSVBw 22 &#8211; Die Grundnetzschalt- und Vermittlungsstelle der Bundeswehr in Elmlohe<\/h1>\n<p>Unter h\u00f6chster Geheimhaltung errichtete die Bundeswehr in den 1960er Jahren zur Zeit des Kalten Krieges 32 fernmeldetechnische Vermittlungsstellen. Diese Grundnetzschalt\u2013 und Vermittlungsstellen der Bundeswehr (GSVBw) bildeten die Knotenpunkte im Bundeswehr-Grundnetz (BwGN) \u2013 ein milit\u00e4risches Fernmeldenetz, dass sich \u00fcber das gesamte damalige Bundesgebiet erstreckte. Schutzbauwerke mit einer Wandst\u00e4rke von 3 Metern sollten die empfindliche Fernmeldetechnik bei einem f\u00fcr wahrscheinlich gehaltenen Milit\u00e4rschlag gegen die Bundesrepublik sch\u00fctzen. Zweck dieser kostspieligen und aufw\u00e4ndigen Infrastruktur: Ein funktionsf\u00e4higes milit\u00e4risches Kommunikationsnetz, dass auch bei Kampfhandlungen im Bundesgebiet die Koordination und F\u00fchrung milit\u00e4rischer Einheiten erm\u00f6glichen sollte. W\u00e4re der \u201eV-Fall\u201c eingetreten, h\u00e4tte sich das gesamte GSVBw-Betriebspersonal bis zu 28 Tage autark im verschlossenen Schutzbau aufgehalten, um den milit\u00e4rischen Fernmeldebetrieb aufrecht zu erhalten.<\/p>\n<p>Mitte der 1990er Jahre wurde der GSVBw-Betrieb eingestellt \u2013 nach rund 30 Jahren durchg\u00e4ngigem Fernmeldebetrieb im 3-Schichten-Dienst.<\/p>\n<p>Im Jahre 2009 hat der Vorbei e.V. die ehemalige GSVBw 22 in Elmlohe\/Drangstedt nach 13-j\u00e4hrigem Leerstand erworben. Unser Ziel ist die Wiederherstellung des Originalzustandes und der Erhalt der Anlage. Das Schutzbauwerk ist unter anderem mit einer Dekontaminationsanlage und einem aufw\u00e4ndigen Be- und Entl\u00fcftungssystem ausgestattet. Die Tankanlage fasst 26.000 Liter Kraftstoff, um den 28t\u00e4gigen Dauerbetrieb des Dieselmaschinensatzes zu erm\u00f6glichen. F\u00fcr das Betriebspersonal sind Ruher\u00e4ume, Sanit\u00e4ranlagen und eine Notk\u00fcche vorhanden. Ein gro\u00dfer Teil des Bunkers wird f\u00fcr die komplexen Fernsprech- und Fernschreibanlagen, sowie f\u00fcr die \u00dcbertragungs- und Vermittlungstechnik verwendet.<\/p>\n<p>Auf unseren Antrag hin wurde die GSVBw 22 im September 2009 als Gruppe baulicher Anlagen (nach \u00a7 3 Abs. 3 NDSchG) in das Verzeichnis der Kulturdenkmale (Baudenkmale) aufgenommen.<\/p>\n<p>Als erstes Baudenkmal im Landkreis Cuxhaven wurde die GSVBw 22 mit der Denkmalschutzplakette ausgezeichnet.<\/p>\n<p>Notstrom- und Bel\u00fcftungsanlagen, Fernmeldeeinrichtungen und Schutzraumausstattungen: Alle Einrichtungen werden originalgetreu restauriert. Nach vielen Arbeitsstunden stellt sich die GSVBw 22 in Elmlohe wieder wie zur Betriebszeit dar.<\/p>\n<p>Die GSVBw 22 dokumentiert auf beeindruckende Weise, welche aufw\u00e4ndigen Ma\u00dfnahmen in der Bundesrepublik Deutschland getroffen wurden, um einem bef\u00fcrchteten milit\u00e4rischen Schlagabtausch zur Zeit des Kalten Krieges zu begegnen. Die Anlage ist aufgrund des Gesamtzustandes als einzigartiges Zeitzeugnis einzustufen<\/p>\n<p>Wir informieren Sie gerne vor Ort \u00fcber unsere gemeinn\u00fctzige und ehrenamtliche Vereinsarbeit.<\/p>\n<div class=\"shariff shariff-align-left shariff-widget-align-left shariff-buttonstretch\" data-services=\"facebook\" data-url=\"https:\/\/www.vorbei-ev.de\/wwwa\/gsvbw-22-elmlohe\/\" data-timestamp=\"1490903052\" data-backendurl=\"https:\/\/www.vorbei-ev.de\/wwwa\/wp-json\/shariff\/v1\/share_counts?\"><ul class=\"shariff-buttons theme-default orientation-horizontal buttonsize-medium\"><li class=\"shariff-button facebook shariff-nocustomcolor\" style=\"background-color:#4273c8\"><a href=\"https:\/\/www.facebook.com\/sharer\/sharer.php?u=https%3A%2F%2Fwww.vorbei-ev.de%2Fwwwa%2Fgsvbw-22-elmlohe%2F\" title=\"Bei Facebook teilen\" aria-label=\"Bei Facebook teilen\" role=\"button\" rel=\"nofollow\" class=\"shariff-link\" style=\"; background-color:#3b5998; color:#fff\" target=\"_blank\"><span class=\"shariff-icon\" style=\"\"><svg width=\"32px\" height=\"20px\" xmlns=\"http:\/\/www.w3.org\/2000\/svg\" viewBox=\"0 0 18 32\"><path fill=\"#3b5998\" d=\"M17.1 0.2v4.7h-2.8q-1.5 0-2.1 0.6t-0.5 1.9v3.4h5.2l-0.7 5.3h-4.5v13.6h-5.5v-13.6h-4.5v-5.3h4.5v-3.9q0-3.3 1.9-5.2t5-1.8q2.6 0 4.1 0.2z\"\/><\/svg><\/span><span class=\"shariff-text\">teilen<\/span>&nbsp;<\/a><\/li><li class=\"shariff-button twitter shariff-nocustomcolor\" style=\"background-color:#595959\"><a href=\"https:\/\/twitter.com\/share?url=https%3A%2F%2Fwww.vorbei-ev.de%2Fwwwa%2Fgsvbw-22-elmlohe%2F&text=GSVBw%2022%20Elmlohe\" title=\"Bei X teilen\" aria-label=\"Bei X teilen\" role=\"button\" rel=\"noopener nofollow\" class=\"shariff-link\" style=\"; background-color:#000; color:#fff\" target=\"_blank\"><span class=\"shariff-icon\" style=\"\"><svg width=\"32px\" height=\"20px\" xmlns=\"http:\/\/www.w3.org\/2000\/svg\" viewBox=\"0 0 24 24\"><path fill=\"#000\" d=\"M14.258 10.152L23.176 0h-2.113l-7.747 8.813L7.133 0H0l9.352 13.328L0 23.973h2.113l8.176-9.309 6.531 9.309h7.133zm-2.895 3.293l-.949-1.328L2.875 1.56h3.246l6.086 8.523.945 1.328 7.91 11.078h-3.246zm0 0\"\/><\/svg><\/span><span class=\"shariff-text\">teilen<\/span>&nbsp;<\/a><\/li><li class=\"shariff-button whatsapp shariff-nocustomcolor\" style=\"background-color:#5cbe4a\"><a href=\"https:\/\/api.whatsapp.com\/send?text=https%3A%2F%2Fwww.vorbei-ev.de%2Fwwwa%2Fgsvbw-22-elmlohe%2F%20GSVBw%2022%20Elmlohe\" title=\"Bei Whatsapp teilen\" aria-label=\"Bei Whatsapp teilen\" role=\"button\" rel=\"noopener nofollow\" class=\"shariff-link\" style=\"; background-color:#34af23; color:#fff\" target=\"_blank\"><span class=\"shariff-icon\" style=\"\"><svg width=\"32px\" height=\"20px\" xmlns=\"http:\/\/www.w3.org\/2000\/svg\" viewBox=\"0 0 32 32\"><path fill=\"#34af23\" d=\"M17.6 17.4q0.2 0 1.7 0.8t1.6 0.9q0 0.1 0 0.3 0 0.6-0.3 1.4-0.3 0.7-1.3 1.2t-1.8 0.5q-1 0-3.4-1.1-1.7-0.8-3-2.1t-2.6-3.3q-1.3-1.9-1.3-3.5v-0.1q0.1-1.6 1.3-2.8 0.4-0.4 0.9-0.4 0.1 0 0.3 0t0.3 0q0.3 0 0.5 0.1t0.3 0.5q0.1 0.4 0.6 1.6t0.4 1.3q0 0.4-0.6 1t-0.6 0.8q0 0.1 0.1 0.3 0.6 1.3 1.8 2.4 1 0.9 2.7 1.8 0.2 0.1 0.4 0.1 0.3 0 1-0.9t0.9-0.9zM14 26.9q2.3 0 4.3-0.9t3.6-2.4 2.4-3.6 0.9-4.3-0.9-4.3-2.4-3.6-3.6-2.4-4.3-0.9-4.3 0.9-3.6 2.4-2.4 3.6-0.9 4.3q0 3.6 2.1 6.6l-1.4 4.2 4.3-1.4q2.8 1.9 6.2 1.9zM14 2.2q2.7 0 5.2 1.1t4.3 2.9 2.9 4.3 1.1 5.2-1.1 5.2-2.9 4.3-4.3 2.9-5.2 1.1q-3.5 0-6.5-1.7l-7.4 2.4 2.4-7.2q-1.9-3.2-1.9-6.9 0-2.7 1.1-5.2t2.9-4.3 4.3-2.9 5.2-1.1z\"\/><\/svg><\/span><span class=\"shariff-text\">teilen<\/span>&nbsp;<\/a><\/li><li class=\"shariff-button telegram shariff-nocustomcolor\" style=\"background-color:#4084A6\"><a href=\"https:\/\/telegram.me\/share\/url?url=https%3A%2F%2Fwww.vorbei-ev.de%2Fwwwa%2Fgsvbw-22-elmlohe%2F&text=GSVBw%2022%20Elmlohe\" title=\"Bei Telegram teilen\" aria-label=\"Bei Telegram teilen\" role=\"button\" rel=\"noopener nofollow\" class=\"shariff-link\" style=\"; background-color:#0088cc; color:#fff\" target=\"_blank\"><span class=\"shariff-icon\" style=\"\"><svg width=\"32px\" height=\"20px\" xmlns=\"http:\/\/www.w3.org\/2000\/svg\" viewBox=\"0 0 32 32\"><path fill=\"#0088cc\" d=\"M30.8 6.5l-4.5 21.4c-.3 1.5-1.2 1.9-2.5 1.2L16.9 24l-3.3 3.2c-.4.4-.7.7-1.4.7l.5-7L25.5 9.2c.6-.5-.1-.8-.9-.3l-15.8 10L2 16.7c-1.5-.5-1.5-1.5.3-2.2L28.9 4.3c1.3-.5 2.3.3 1.9 2.2z\"\/><\/svg><\/span><span class=\"shariff-text\">teilen<\/span>&nbsp;<\/a><\/li><\/ul><\/div>","protected":false},"excerpt":{"rendered":"<p>GSVBw 22 &#8211; Die Grundnetzschalt- und Vermittlungsstelle der Bundeswehr in Elmlohe Unter h\u00f6chster Geheimhaltung errichtete die Bundeswehr in den 1960er Jahren zur Zeit des Kalten Krieges 32 fernmeldetechnische Vermittlungsstellen. Diese Grundnetzschalt\u2013 und Vermittlungsstellen der Bundeswehr (GSVBw) bildeten die Knotenpunkte im Bundeswehr-Grundnetz (BwGN) \u2013 ein milit\u00e4risches Fernmeldenetz, dass sich \u00fcber das gesamte damalige Bundesgebiet erstreckte. Schutzbauwerke &hellip; <\/p>\n<p class=\"link-more\"><a href=\"https:\/\/www.vorbei-ev.de\/wwwa\/gsvbw-22-elmlohe\/\" class=\"more-link\"><span class=\"screen-reader-text\">\u201eGSVBw 22 Elmlohe\u201c <\/span>weiterlesen<\/a><\/p>\n","protected":false},"author":2,"featured_media":0,"parent":0,"menu_order":0,"comment_status":"closed","ping_status":"closed","template":"","meta":{"footnotes":""},"class_list":["post-961","page","type-page","status-publish","hentry"],"yoast_head":"<!-- This site is optimized with the Yoast SEO plugin v27.4 - https:\/\/yoast.com\/product\/yoast-seo-wordpress\/ -->\n<title>GSVBw 22 Elmlohe - Vorbei e.V.<\/title>\n<meta name=\"description\" content=\"GSVBw 22 - Die Grundnetzschalt- und Vermittlungsstelle der Bundeswehr in Elmlohe Unter h\u00f6chster Geheimhaltung errichtete die Bundeswehr in den 1960er\" \/>\n<meta name=\"robots\" content=\"index, follow, max-snippet:-1, max-image-preview:large, max-video-preview:-1\" \/>\n<link rel=\"canonical\" href=\"https:\/\/www.vorbei-ev.de\/wwwa\/gsvbw-22-elmlohe\/\" \/>\n<meta property=\"og:locale\" content=\"de_DE\" \/>\n<meta property=\"og:type\" content=\"article\" \/>\n<meta property=\"og:title\" content=\"GSVBw 22 Elmlohe - Vorbei e.V.\" \/>\n<meta property=\"og:description\" content=\"GSVBw 22 - Die Grundnetzschalt- und Vermittlungsstelle der Bundeswehr in Elmlohe Unter h\u00f6chster Geheimhaltung errichtete die Bundeswehr in den 1960er\" \/>\n<meta property=\"og:url\" content=\"https:\/\/www.vorbei-ev.de\/wwwa\/gsvbw-22-elmlohe\/\" \/>\n<meta property=\"og:site_name\" content=\"Vorbei e.V.\" \/>\n<meta property=\"article:publisher\" content=\"https:\/\/www.facebook.com\/groups\/107150626035606\/\" \/>\n<meta property=\"article:modified_time\" content=\"2017-03-30T17:44:12+00:00\" \/>\n<meta name=\"twitter:card\" content=\"summary_large_image\" \/>\n<meta name=\"twitter:label1\" content=\"Gesch\u00e4tzte Lesezeit\" \/>\n\t<meta name=\"twitter:data1\" content=\"2\u00a0Minuten\" \/>\n<script type=\"application\/ld+json\" class=\"yoast-schema-graph\">{\"@context\":\"https:\\\/\\\/schema.org\",\"@graph\":[{\"@type\":\"WebPage\",\"@id\":\"https:\\\/\\\/www.vorbei-ev.de\\\/wwwa\\\/gsvbw-22-elmlohe\\\/\",\"url\":\"https:\\\/\\\/www.vorbei-ev.de\\\/wwwa\\\/gsvbw-22-elmlohe\\\/\",\"name\":\"GSVBw 22 Elmlohe - Vorbei e.V.\",\"isPartOf\":{\"@id\":\"https:\\\/\\\/www.vorbei-ev.de\\\/wwwa\\\/#website\"},\"datePublished\":\"2017-03-30T17:16:05+00:00\",\"dateModified\":\"2017-03-30T17:44:12+00:00\",\"description\":\"GSVBw 22 - Die Grundnetzschalt- und Vermittlungsstelle der Bundeswehr in Elmlohe Unter h\u00f6chster Geheimhaltung errichtete die Bundeswehr in den 1960er\",\"breadcrumb\":{\"@id\":\"https:\\\/\\\/www.vorbei-ev.de\\\/wwwa\\\/gsvbw-22-elmlohe\\\/#breadcrumb\"},\"inLanguage\":\"de\",\"potentialAction\":[{\"@type\":\"ReadAction\",\"target\":[\"https:\\\/\\\/www.vorbei-ev.de\\\/wwwa\\\/gsvbw-22-elmlohe\\\/\"]}]},{\"@type\":\"BreadcrumbList\",\"@id\":\"https:\\\/\\\/www.vorbei-ev.de\\\/wwwa\\\/gsvbw-22-elmlohe\\\/#breadcrumb\",\"itemListElement\":[{\"@type\":\"ListItem\",\"position\":1,\"name\":\"Startseite\",\"item\":\"https:\\\/\\\/www.vorbei-ev.de\\\/wwwa\\\/\"},{\"@type\":\"ListItem\",\"position\":2,\"name\":\"GSVBw 22 Elmlohe\"}]},{\"@type\":\"WebSite\",\"@id\":\"https:\\\/\\\/www.vorbei-ev.de\\\/wwwa\\\/#website\",\"url\":\"https:\\\/\\\/www.vorbei-ev.de\\\/wwwa\\\/\",\"name\":\"Vorbei e.V.\",\"description\":\"Dokumentation und Erhalt zeitgeschichtlicher Bauwerke\",\"publisher\":{\"@id\":\"https:\\\/\\\/www.vorbei-ev.de\\\/wwwa\\\/#organization\"},\"potentialAction\":[{\"@type\":\"SearchAction\",\"target\":{\"@type\":\"EntryPoint\",\"urlTemplate\":\"https:\\\/\\\/www.vorbei-ev.de\\\/wwwa\\\/?s={search_term_string}\"},\"query-input\":{\"@type\":\"PropertyValueSpecification\",\"valueRequired\":true,\"valueName\":\"search_term_string\"}}],\"inLanguage\":\"de\"},{\"@type\":\"Organization\",\"@id\":\"https:\\\/\\\/www.vorbei-ev.de\\\/wwwa\\\/#organization\",\"name\":\"Vorbei e.V.\",\"url\":\"https:\\\/\\\/www.vorbei-ev.de\\\/wwwa\\\/\",\"logo\":{\"@type\":\"ImageObject\",\"inLanguage\":\"de\",\"@id\":\"https:\\\/\\\/www.vorbei-ev.de\\\/wwwa\\\/#\\\/schema\\\/logo\\\/image\\\/\",\"url\":\"https:\\\/\\\/www.vorbei-ev.de\\\/wwwa\\\/wp-content\\\/uploads\\\/2017\\\/04\\\/Logo_schwarz_640px.png\",\"contentUrl\":\"https:\\\/\\\/www.vorbei-ev.de\\\/wwwa\\\/wp-content\\\/uploads\\\/2017\\\/04\\\/Logo_schwarz_640px.png\",\"width\":640,\"height\":120,\"caption\":\"Vorbei e.V.\"},\"image\":{\"@id\":\"https:\\\/\\\/www.vorbei-ev.de\\\/wwwa\\\/#\\\/schema\\\/logo\\\/image\\\/\"},\"sameAs\":[\"https:\\\/\\\/www.facebook.com\\\/groups\\\/107150626035606\\\/\"]}]}<\/script>\n<!-- \/ Yoast SEO plugin. -->","yoast_head_json":{"title":"GSVBw 22 Elmlohe - Vorbei e.V.","description":"GSVBw 22 - Die Grundnetzschalt- und Vermittlungsstelle der Bundeswehr in Elmlohe Unter h\u00f6chster Geheimhaltung errichtete die Bundeswehr in den 1960er","robots":{"index":"index","follow":"follow","max-snippet":"max-snippet:-1","max-image-preview":"max-image-preview:large","max-video-preview":"max-video-preview:-1"},"canonical":"https:\/\/www.vorbei-ev.de\/wwwa\/gsvbw-22-elmlohe\/","og_locale":"de_DE","og_type":"article","og_title":"GSVBw 22 Elmlohe - Vorbei e.V.","og_description":"GSVBw 22 - Die Grundnetzschalt- und Vermittlungsstelle der Bundeswehr in Elmlohe Unter h\u00f6chster Geheimhaltung errichtete die Bundeswehr in den 1960er","og_url":"https:\/\/www.vorbei-ev.de\/wwwa\/gsvbw-22-elmlohe\/","og_site_name":"Vorbei e.V.","article_publisher":"https:\/\/www.facebook.com\/groups\/107150626035606\/","article_modified_time":"2017-03-30T17:44:12+00:00","twitter_card":"summary_large_image","twitter_misc":{"Gesch\u00e4tzte Lesezeit":"2\u00a0Minuten"},"schema":{"@context":"https:\/\/schema.org","@graph":[{"@type":"WebPage","@id":"https:\/\/www.vorbei-ev.de\/wwwa\/gsvbw-22-elmlohe\/","url":"https:\/\/www.vorbei-ev.de\/wwwa\/gsvbw-22-elmlohe\/","name":"GSVBw 22 Elmlohe - Vorbei e.V.","isPartOf":{"@id":"https:\/\/www.vorbei-ev.de\/wwwa\/#website"},"datePublished":"2017-03-30T17:16:05+00:00","dateModified":"2017-03-30T17:44:12+00:00","description":"GSVBw 22 - Die Grundnetzschalt- und Vermittlungsstelle der Bundeswehr in Elmlohe Unter h\u00f6chster Geheimhaltung errichtete die Bundeswehr in den 1960er","breadcrumb":{"@id":"https:\/\/www.vorbei-ev.de\/wwwa\/gsvbw-22-elmlohe\/#breadcrumb"},"inLanguage":"de","potentialAction":[{"@type":"ReadAction","target":["https:\/\/www.vorbei-ev.de\/wwwa\/gsvbw-22-elmlohe\/"]}]},{"@type":"BreadcrumbList","@id":"https:\/\/www.vorbei-ev.de\/wwwa\/gsvbw-22-elmlohe\/#breadcrumb","itemListElement":[{"@type":"ListItem","position":1,"name":"Startseite","item":"https:\/\/www.vorbei-ev.de\/wwwa\/"},{"@type":"ListItem","position":2,"name":"GSVBw 22 Elmlohe"}]},{"@type":"WebSite","@id":"https:\/\/www.vorbei-ev.de\/wwwa\/#website","url":"https:\/\/www.vorbei-ev.de\/wwwa\/","name":"Vorbei e.V.","description":"Dokumentation und Erhalt zeitgeschichtlicher Bauwerke","publisher":{"@id":"https:\/\/www.vorbei-ev.de\/wwwa\/#organization"},"potentialAction":[{"@type":"SearchAction","target":{"@type":"EntryPoint","urlTemplate":"https:\/\/www.vorbei-ev.de\/wwwa\/?s={search_term_string}"},"query-input":{"@type":"PropertyValueSpecification","valueRequired":true,"valueName":"search_term_string"}}],"inLanguage":"de"},{"@type":"Organization","@id":"https:\/\/www.vorbei-ev.de\/wwwa\/#organization","name":"Vorbei e.V.","url":"https:\/\/www.vorbei-ev.de\/wwwa\/","logo":{"@type":"ImageObject","inLanguage":"de","@id":"https:\/\/www.vorbei-ev.de\/wwwa\/#\/schema\/logo\/image\/","url":"https:\/\/www.vorbei-ev.de\/wwwa\/wp-content\/uploads\/2017\/04\/Logo_schwarz_640px.png","contentUrl":"https:\/\/www.vorbei-ev.de\/wwwa\/wp-content\/uploads\/2017\/04\/Logo_schwarz_640px.png","width":640,"height":120,"caption":"Vorbei e.V."},"image":{"@id":"https:\/\/www.vorbei-ev.de\/wwwa\/#\/schema\/logo\/image\/"},"sameAs":["https:\/\/www.facebook.com\/groups\/107150626035606\/"]}]}},"_links":{"self":[{"href":"https:\/\/www.vorbei-ev.de\/wwwa\/wp-json\/wp\/v2\/pages\/961","targetHints":{"allow":["GET"]}}],"collection":[{"href":"https:\/\/www.vorbei-ev.de\/wwwa\/wp-json\/wp\/v2\/pages"}],"about":[{"href":"https:\/\/www.vorbei-ev.de\/wwwa\/wp-json\/wp\/v2\/types\/page"}],"author":[{"embeddable":true,"href":"https:\/\/www.vorbei-ev.de\/wwwa\/wp-json\/wp\/v2\/users\/2"}],"replies":[{"embeddable":true,"href":"https:\/\/www.vorbei-ev.de\/wwwa\/wp-json\/wp\/v2\/comments?post=961"}],"version-history":[{"count":3,"href":"https:\/\/www.vorbei-ev.de\/wwwa\/wp-json\/wp\/v2\/pages\/961\/revisions"}],"predecessor-version":[{"id":975,"href":"https:\/\/www.vorbei-ev.de\/wwwa\/wp-json\/wp\/v2\/pages\/961\/revisions\/975"}],"wp:attachment":[{"href":"https:\/\/www.vorbei-ev.de\/wwwa\/wp-json\/wp\/v2\/media?parent=961"}],"curies":[{"name":"wp","href":"https:\/\/api.w.org\/{rel}","templated":true}]}}