{"id":914,"date":"2017-03-24T16:12:17","date_gmt":"2017-03-24T15:12:17","guid":{"rendered":"http:\/\/www.vorbei-ev.de\/wwwa\/?page_id=914"},"modified":"2017-06-20T20:44:33","modified_gmt":"2017-06-20T18:44:33","slug":"zivilschutzanlagen-einleitung-und-themenuebersicht","status":"publish","type":"page","link":"https:\/\/www.vorbei-ev.de\/wwwa\/zivilschutzanlagen-einleitung-und-themenuebersicht\/","title":{"rendered":"Zivilschutzanlagen: Einleitung und Themen\u00fcbersicht"},"content":{"rendered":"<h1>Zivilschutzanlagen<\/h1>\n<h2>Im Rahmen unseres Projektes &#8222;Museumsbunker Hannover&#8220; informiert diese Zivilschutzanlagen-Dokumentation \u00fcber ehemalige \u00f6ffentliche Schutzr\u00e4ume am Beispiel der ZS-Anlagen in der Landeshauptstadt Hannover. Aber auch abweichende Eigenschaften oder Gegebenheiten anderer Zivilschutzanlagen werden an dieser Stelle betrachtet.<\/h2>\n<h2>Einleitung<\/h2>\n<p>Ehemalige Luftschutzbunker pr\u00e4gen in vielen Orten das Stadtbild. Im zweiten Weltkrieg sch\u00fctzten diese Bauwerke die Bev\u00f6lkerung vor den Luftangriffen der alliierten Verb\u00e4nde. Doch mit dem Kriegsende war die Nutzung dieser Bauwerke noch nicht vorbei. Die angespannte Lage im \u201eKalten Krieg\u201c sorgte schon einige Jahre sp\u00e4ter daf\u00fcr, dass die Bundesregierung diese Luftschutzbunker erneut f\u00fcr den Zivilschutz heranzog. Im Rahmen verschiedener Schutzbauprogramme wurden die ehemaligen Luftschutzbunker zum Schutz der Zivilbev\u00f6lkerung vor einem bef\u00fcrchteten Schlagabtausch mit atomaren, biologischen und chemischen Waffenwirkungen vorbereitet. Dabei verdeutlichen besonders die mit einem hohen technischen Aufwand hergerichteten Zivilschutzanlagen aus dem &#8222;Vorabprogramm&#8220; und dem &#8222;Instandsetzungsprogramm&#8220; des Bundes die komplexen Vorkehrungen zum Schutz der Zivilbev\u00f6lkerung. Bundesweit wurde neben der Wiederherrichtung ehemaliger Luftschutzbunker auch der Neubau von Zivilschutzanlagen gef\u00f6rdert. So wurden z.B. Keller-Schutzr\u00e4ume, Schulschutzr\u00e4ume oder aber auch Gro\u00dfschutzr\u00e4ume in U-Bahnh\u00f6fen und Tiefgaragen bezuschusst. Die Schutzbauprogramme des Bundes wurden jedoch Anfang der 1990er Jahre in Folge der politischen Entwicklungen wieder eingestellt. Kostenerstattungen f\u00fcr den Unterhalt der Zivilschutzanlagen erfolgten nur noch bei nachweislich zwingend notwendigen Ma\u00dfnahmen. Im weiteren Verlauf folgten die Entlassung aus der Zivilschutzbindung und die Ver\u00e4u\u00dferung. Wir gehen davon aus, dass im Verlauf der kommenden Jahre alle Schutzbauten umgenutzt oder zum Teil auch abgerissen werden.<\/p>\n<figure id=\"attachment_913\" aria-describedby=\"caption-attachment-913\" style=\"width: 800px\" class=\"wp-caption aligncenter\"><img loading=\"lazy\" decoding=\"async\" class=\"wp-image-913 size-full\" src=\"https:\/\/www.vorbei-ev.de\/wwwa\/wp-content\/uploads\/2017\/03\/museumsbunker03.jpg\" alt=\"Museumsbunker Hannover: Historische Aufnahme des Luftschutzbunker Ecke Wallensteinstra\u00dfe \/ Torstenssonstra\u00dfe aus dem Jahre 1956. Die aufw\u00e4ndigen Bauma\u00dfnahmen f\u00fcr die Instandsetzung fanden erst 9 Jahre sp\u00e4ter, nachdem dieses Foto angefertigt wurde, statt.\" width=\"800\" height=\"433\" srcset=\"https:\/\/www.vorbei-ev.de\/wwwa\/wp-content\/uploads\/2017\/03\/museumsbunker03.jpg 800w, https:\/\/www.vorbei-ev.de\/wwwa\/wp-content\/uploads\/2017\/03\/museumsbunker03-400x217.jpg 400w, https:\/\/www.vorbei-ev.de\/wwwa\/wp-content\/uploads\/2017\/03\/museumsbunker03-768x416.jpg 768w\" sizes=\"auto, (max-width: 706px) 89vw, (max-width: 767px) 82vw, 740px\" \/><figcaption id=\"caption-attachment-913\" class=\"wp-caption-text\">Museumsbunker Hannover: Historische Aufnahme des Luftschutzbunkers Ecke Wallensteinstra\u00dfe \/ Torstenssonstra\u00dfe aus dem Jahre 1956. Die aufw\u00e4ndigen Bauma\u00dfnahmen f\u00fcr die Instandsetzung fanden erst 9 Jahre sp\u00e4ter, nachdem dieses Foto angefertigt wurde, statt.(Quelle: Fotoarchiv Hastrabau-Wegener GmbH &amp; Co. KG).<\/figcaption><\/figure>\n<p>Der drohende Verlust dieser Zeitzeugnisse und des baulichen Zivilschutzes hat uns dazu veranlasst, einen Nachnutzungsvorschlag f\u00fcr eine Zivilschutzanlage in Hannover-Ricklingen einzureichen. Nach der Kontaktaufnahme mit der zust\u00e4ndigen Stadtverwaltung haben wir ein ausf\u00fchrliches Nutzungskonzept ausgearbeitet, dass in verschiedenen Gremien der Beh\u00f6rde bewertet wurde. Unser Nutzungskonzept sieht vor, eine vollausgestattete Zivilschutzanlage aus dem Instandsetzungsprogramm im Originalzustand zu erhalten, und in Form eines technischen Museums der interessierten \u00d6ffentlichkeit in moderierten F\u00fchrungen zug\u00e4nglich zu machen.<\/p>\n<p>Im November 2012 hat die Landeshauptstadt Hannover mit uns eine vertragliche Nutzungsvereinbarung \u00fcber die Zivilschutzanlage Ecke Wallensteinstrasse \/ Torstenssonstra\u00dfe im hannoverschen Stadtteil Ricklingen unterzeichnet. Die Zivilschutzanlage Torstenssonstra\u00dfe stellt in der Landeshauptstadt Hannover die gr\u00f6\u00dfte noch nahezu vollst\u00e4ndig ausgestattete Anlage ihrer Art dar. Unsere weitere Recherche verdeutlicht, dass diese Zivilschutzanlage zum jetzigen Zeitpunkt auch auf Nieders\u00e4chsischer Landesebene in ihrer Ausf\u00fchrung und ihrem Zustand als einzigartig einzustufen ist: Im Zuge aufw\u00e4ndiger Bauma\u00dfnahmen erfolgte der Einbau von Au\u00dfenabschl\u00fcssen, hydraulisch bet\u00e4tigten Zugangsschleusen, Notstromanlagen, Bel\u00fcftungs- und Filtertechnik sowie eigenen Wasserversorgungseinrichtungen. In einem neu erstellten Anbau an der \u00f6stlichen Bauwerksseite befindet sich eine komplexe mehrstufige Luftfilteranlage. Zus\u00e4tzlich wurde Sanit\u00e4ts- und Verbrauchsmaterial eingelagert, sowie der Schutzbau mit Sitz- und Liegem\u00f6glichkeiten ausgestattet. Eine regelm\u00e4\u00dfige Wartung und Instandsetzung sorgte f\u00fcr die st\u00e4ndige Einsatzbereitschaft der Anlage. Im Belegungsfall bot der Hochbunker 2.400 Schutzpl\u00e4tze f\u00fcr eine 14-t\u00e4gige Aufenthaltsdauer. Die technischen Nachr\u00fcstungen erlaubten einen autarken Betrieb mit eigener Strom- und Wasserversorgung sowie gefilterter Au\u00dfenluftversorgung.<\/p>\n<p>&nbsp;<\/p>\n<h2>Themen\u00fcbersicht<\/h2>\n<p><a href=\"https:\/\/www.vorbei-ev.de\/wwwa\/zivilschutzanlagen-das-projekt-museumsbunker-hannover\/\">Das Projekt &#8222;Museumsbunker Hannover&#8220;<\/a><\/p>\n<p><a href=\"https:\/\/www.vorbei-ev.de\/wwwa\/zivilschutzanlagen-entwicklung-der-schutzbauprogramme\/\">Entwicklung der Schutzbauprogramme<\/a><\/p>\n<p><a href=\"https:\/\/www.vorbei-ev.de\/wwwa\/zivilschutzanlagen-oeffentliche-zivilschutzanlagen-in-der-landeshauptstadt-hannover\/\">\u00d6ffentliche Schutzr\u00e4ume (Zivilschutzanlagen) in der Landeshauptstadt Hannover<\/a><\/p>\n<p>&nbsp;<\/p>\n<h2>Unterst\u00fctzung<\/h2>\n<p>Ohne die Unterst\u00fctzung durch private und gewerbliche Kontakte sowie durch beh\u00f6rdlichen Stellen auf Bundes-, Landes- und kommunaler Ebene w\u00e4re die Umsetzung unseres Zivilschutzanlagen-Projektes nicht m\u00f6glich gewesen. Diese Internetpr\u00e4sentation st\u00fctzt sich auf Zeitzeugenberichten und ein umfangreiches Vereinsarchiv, das st\u00e4ndig erweitert wird. Daher soll auch unsere Zivilschutzanlagen-Pr\u00e4sentation laufend erg\u00e4nzt und angepasst werden.<\/p>\n<p>Sind Sie Eigent\u00fcmer\/in, Nutzer\/in oder einer Zivilschutzanlage? Geh\u00f6rten Sie dem Betriebspersonal einer Zivilschutzanlage an? Haben Sie noch erg\u00e4nzende Unterlagen zum Thema oder historische Fotos? Kontaktieren Sie uns bitte! Wir w\u00fcrden uns \u00fcber Erg\u00e4nzungen oder Anregungen sehr freuen. Die Projektarbeit vor Ort ist f\u00fcr uns sehr wichtig. Im Rahmen unserer M\u00f6glichkeiten unterst\u00fctzen auch wir gerne bei Fragestellungen in der Zivilschutzanlagen-Thematik.<\/p>\n<p>&nbsp;<\/p>\n<table>\n<tbody>\n<tr>\n<td style=\"width: 30%; background-color: #bebebe; text-align: center; vertical-align: middle;\">&lt; <a href=\"https:\/\/www.vorbei-ev.de\/wwwa\/zivilschutzanlagen-oeffentliche-zivilschutzanlagen-in-der-landeshauptstadt-hannover\/\">Vorherige Seite<\/a><\/td>\n<td style=\"width: 5%; text-align: center; vertical-align: middle;\"><\/td>\n<td style=\"width: 30%; background-color: #bebebe; text-align: center; vertical-align: middle;\"><a href=\"https:\/\/www.vorbei-ev.de\/wwwa\/zivilschutzanlagen-einleitung-und-themenuebersicht\/\">Zur\u00fcck zur Einleitung<\/a><\/td>\n<td style=\"width: 5%; text-align: center; vertical-align: middle;\"><\/td>\n<td style=\"width: 30%; background-color: #bebebe; text-align: center; vertical-align: middle;\"><a href=\"https:\/\/www.vorbei-ev.de\/wwwa\/zivilschutzanlagen-das-projekt-museumsbunker-hannover\/\">N\u00e4chste Seite<\/a> &gt;<\/td>\n<\/tr>\n<\/tbody>\n<\/table>\n<div class=\"shariff shariff-align-flex-start shariff-widget-align-flex-start shariff-buttonstretch\" data-services=\"facebook\" data-url=\"https%3A%2F%2Fwww.vorbei-ev.de%2Fwwwa%2Fzivilschutzanlagen-einleitung-und-themenuebersicht%2F\" data-timestamp=\"1497991473\" data-backendurl=\"https:\/\/www.vorbei-ev.de\/wwwa\/wp-json\/shariff\/v1\/share_counts?\"><ul class=\"shariff-buttons theme-default orientation-horizontal buttonsize-medium\"><li class=\"shariff-button facebook shariff-nocustomcolor\" style=\"background-color:#4273c8\"><a href=\"https:\/\/www.facebook.com\/sharer\/sharer.php?u=https%3A%2F%2Fwww.vorbei-ev.de%2Fwwwa%2Fzivilschutzanlagen-einleitung-und-themenuebersicht%2F\" title=\"Bei Facebook teilen\" aria-label=\"Bei Facebook teilen\" role=\"button\" rel=\"nofollow\" class=\"shariff-link\" style=\"; background-color:#3b5998; color:#fff\" target=\"_blank\"><span class=\"shariff-icon\" style=\"\"><svg width=\"32px\" height=\"20px\" xmlns=\"http:\/\/www.w3.org\/2000\/svg\" viewBox=\"0 0 18 32\"><path fill=\"#3b5998\" d=\"M17.1 0.2v4.7h-2.8q-1.5 0-2.1 0.6t-0.5 1.9v3.4h5.2l-0.7 5.3h-4.5v13.6h-5.5v-13.6h-4.5v-5.3h4.5v-3.9q0-3.3 1.9-5.2t5-1.8q2.6 0 4.1 0.2z\"\/><\/svg><\/span><span class=\"shariff-text\">teilen<\/span>&nbsp;<\/a><\/li><li class=\"shariff-button twitter shariff-nocustomcolor\" style=\"background-color:#595959\"><a href=\"https:\/\/twitter.com\/share?url=https%3A%2F%2Fwww.vorbei-ev.de%2Fwwwa%2Fzivilschutzanlagen-einleitung-und-themenuebersicht%2F&text=Zivilschutzanlagen%3A%20Einleitung%20und%20Themen%C3%BCbersicht\" title=\"Bei X teilen\" aria-label=\"Bei X teilen\" role=\"button\" rel=\"noopener nofollow\" class=\"shariff-link\" style=\"; background-color:#000; color:#fff\" target=\"_blank\"><span class=\"shariff-icon\" style=\"\"><svg width=\"32px\" height=\"20px\" xmlns=\"http:\/\/www.w3.org\/2000\/svg\" viewBox=\"0 0 24 24\"><path fill=\"#000\" d=\"M14.258 10.152L23.176 0h-2.113l-7.747 8.813L7.133 0H0l9.352 13.328L0 23.973h2.113l8.176-9.309 6.531 9.309h7.133zm-2.895 3.293l-.949-1.328L2.875 1.56h3.246l6.086 8.523.945 1.328 7.91 11.078h-3.246zm0 0\"\/><\/svg><\/span><span class=\"shariff-text\">teilen<\/span>&nbsp;<\/a><\/li><li class=\"shariff-button whatsapp shariff-nocustomcolor\" style=\"background-color:#5cbe4a\"><a href=\"https:\/\/api.whatsapp.com\/send?text=https%3A%2F%2Fwww.vorbei-ev.de%2Fwwwa%2Fzivilschutzanlagen-einleitung-und-themenuebersicht%2F%20Zivilschutzanlagen%3A%20Einleitung%20und%20Themen%C3%BCbersicht\" title=\"Bei Whatsapp teilen\" aria-label=\"Bei Whatsapp teilen\" role=\"button\" rel=\"noopener nofollow\" class=\"shariff-link\" style=\"; background-color:#34af23; color:#fff\" target=\"_blank\"><span class=\"shariff-icon\" style=\"\"><svg width=\"32px\" height=\"20px\" xmlns=\"http:\/\/www.w3.org\/2000\/svg\" viewBox=\"0 0 32 32\"><path fill=\"#34af23\" d=\"M17.6 17.4q0.2 0 1.7 0.8t1.6 0.9q0 0.1 0 0.3 0 0.6-0.3 1.4-0.3 0.7-1.3 1.2t-1.8 0.5q-1 0-3.4-1.1-1.7-0.8-3-2.1t-2.6-3.3q-1.3-1.9-1.3-3.5v-0.1q0.1-1.6 1.3-2.8 0.4-0.4 0.9-0.4 0.1 0 0.3 0t0.3 0q0.3 0 0.5 0.1t0.3 0.5q0.1 0.4 0.6 1.6t0.4 1.3q0 0.4-0.6 1t-0.6 0.8q0 0.1 0.1 0.3 0.6 1.3 1.8 2.4 1 0.9 2.7 1.8 0.2 0.1 0.4 0.1 0.3 0 1-0.9t0.9-0.9zM14 26.9q2.3 0 4.3-0.9t3.6-2.4 2.4-3.6 0.9-4.3-0.9-4.3-2.4-3.6-3.6-2.4-4.3-0.9-4.3 0.9-3.6 2.4-2.4 3.6-0.9 4.3q0 3.6 2.1 6.6l-1.4 4.2 4.3-1.4q2.8 1.9 6.2 1.9zM14 2.2q2.7 0 5.2 1.1t4.3 2.9 2.9 4.3 1.1 5.2-1.1 5.2-2.9 4.3-4.3 2.9-5.2 1.1q-3.5 0-6.5-1.7l-7.4 2.4 2.4-7.2q-1.9-3.2-1.9-6.9 0-2.7 1.1-5.2t2.9-4.3 4.3-2.9 5.2-1.1z\"\/><\/svg><\/span><span class=\"shariff-text\">teilen<\/span>&nbsp;<\/a><\/li><li class=\"shariff-button telegram shariff-nocustomcolor\" style=\"background-color:#4084A6\"><a href=\"https:\/\/telegram.me\/share\/url?url=https%3A%2F%2Fwww.vorbei-ev.de%2Fwwwa%2Fzivilschutzanlagen-einleitung-und-themenuebersicht%2F&text=Zivilschutzanlagen%3A%20Einleitung%20und%20Themen%C3%BCbersicht\" title=\"Bei Telegram teilen\" aria-label=\"Bei Telegram teilen\" role=\"button\" rel=\"noopener nofollow\" class=\"shariff-link\" style=\"; background-color:#0088cc; color:#fff\" target=\"_blank\"><span class=\"shariff-icon\" style=\"\"><svg width=\"32px\" height=\"20px\" xmlns=\"http:\/\/www.w3.org\/2000\/svg\" viewBox=\"0 0 32 32\"><path fill=\"#0088cc\" d=\"M30.8 6.5l-4.5 21.4c-.3 1.5-1.2 1.9-2.5 1.2L16.9 24l-3.3 3.2c-.4.4-.7.7-1.4.7l.5-7L25.5 9.2c.6-.5-.1-.8-.9-.3l-15.8 10L2 16.7c-1.5-.5-1.5-1.5.3-2.2L28.9 4.3c1.3-.5 2.3.3 1.9 2.2z\"\/><\/svg><\/span><span class=\"shariff-text\">teilen<\/span>&nbsp;<\/a><\/li><\/ul><\/div>","protected":false},"excerpt":{"rendered":"<p>Zivilschutzanlagen Im Rahmen unseres Projektes &#8222;Museumsbunker Hannover&#8220; informiert diese Zivilschutzanlagen-Dokumentation \u00fcber ehemalige \u00f6ffentliche Schutzr\u00e4ume am Beispiel der ZS-Anlagen in der Landeshauptstadt Hannover. Aber auch abweichende Eigenschaften oder Gegebenheiten anderer Zivilschutzanlagen werden an dieser Stelle betrachtet. Einleitung Ehemalige Luftschutzbunker pr\u00e4gen in vielen Orten das Stadtbild. Im zweiten Weltkrieg sch\u00fctzten diese Bauwerke die Bev\u00f6lkerung vor den Luftangriffen &hellip; <\/p>\n<p class=\"link-more\"><a href=\"https:\/\/www.vorbei-ev.de\/wwwa\/zivilschutzanlagen-einleitung-und-themenuebersicht\/\" class=\"more-link\"><span class=\"screen-reader-text\">\u201eZivilschutzanlagen: Einleitung und Themen\u00fcbersicht\u201c <\/span>weiterlesen<\/a><\/p>\n","protected":false},"author":2,"featured_media":0,"parent":0,"menu_order":0,"comment_status":"closed","ping_status":"closed","template":"","meta":{"footnotes":""},"class_list":["post-914","page","type-page","status-publish","hentry"],"yoast_head":"<!-- This site is optimized with the Yoast SEO plugin v27.3 - https:\/\/yoast.com\/product\/yoast-seo-wordpress\/ -->\n<title>Zivilschutzanlagen: Einleitung und Themen\u00fcbersicht - Vorbei e.V.<\/title>\n<meta name=\"description\" content=\"Zivilschutzanlagen Im Rahmen unseres Projektes &quot;Museumsbunker Hannover&quot; informiert diese Zivilschutzanlagen-Dokumentation \u00fcber ehemalige \u00f6ffentliche\" \/>\n<meta name=\"robots\" content=\"index, follow, max-snippet:-1, max-image-preview:large, max-video-preview:-1\" \/>\n<link rel=\"canonical\" href=\"https:\/\/www.vorbei-ev.de\/wwwa\/zivilschutzanlagen-einleitung-und-themenuebersicht\/\" \/>\n<meta property=\"og:locale\" content=\"de_DE\" \/>\n<meta property=\"og:type\" content=\"article\" \/>\n<meta property=\"og:title\" content=\"Zivilschutzanlagen: Einleitung und Themen\u00fcbersicht - Vorbei e.V.\" \/>\n<meta property=\"og:description\" content=\"Zivilschutzanlagen Im Rahmen unseres Projektes &quot;Museumsbunker Hannover&quot; informiert diese Zivilschutzanlagen-Dokumentation \u00fcber ehemalige \u00f6ffentliche\" \/>\n<meta property=\"og:url\" content=\"https:\/\/www.vorbei-ev.de\/wwwa\/zivilschutzanlagen-einleitung-und-themenuebersicht\/\" \/>\n<meta property=\"og:site_name\" content=\"Vorbei e.V.\" \/>\n<meta property=\"article:publisher\" content=\"https:\/\/www.facebook.com\/groups\/107150626035606\/\" \/>\n<meta property=\"article:modified_time\" content=\"2017-06-20T18:44:33+00:00\" \/>\n<meta property=\"og:image\" content=\"https:\/\/www.vorbei-ev.de\/wwwa\/wp-content\/uploads\/2017\/03\/museumsbunker03.jpg\" \/>\n<meta name=\"twitter:card\" content=\"summary_large_image\" \/>\n<meta name=\"twitter:label1\" content=\"Gesch\u00e4tzte Lesezeit\" \/>\n\t<meta name=\"twitter:data1\" content=\"4\u00a0Minuten\" \/>\n<script type=\"application\/ld+json\" class=\"yoast-schema-graph\">{\"@context\":\"https:\\\/\\\/schema.org\",\"@graph\":[{\"@type\":\"WebPage\",\"@id\":\"https:\\\/\\\/www.vorbei-ev.de\\\/wwwa\\\/zivilschutzanlagen-einleitung-und-themenuebersicht\\\/\",\"url\":\"https:\\\/\\\/www.vorbei-ev.de\\\/wwwa\\\/zivilschutzanlagen-einleitung-und-themenuebersicht\\\/\",\"name\":\"Zivilschutzanlagen: Einleitung und Themen\u00fcbersicht - Vorbei e.V.\",\"isPartOf\":{\"@id\":\"https:\\\/\\\/www.vorbei-ev.de\\\/wwwa\\\/#website\"},\"primaryImageOfPage\":{\"@id\":\"https:\\\/\\\/www.vorbei-ev.de\\\/wwwa\\\/zivilschutzanlagen-einleitung-und-themenuebersicht\\\/#primaryimage\"},\"image\":{\"@id\":\"https:\\\/\\\/www.vorbei-ev.de\\\/wwwa\\\/zivilschutzanlagen-einleitung-und-themenuebersicht\\\/#primaryimage\"},\"thumbnailUrl\":\"https:\\\/\\\/www.vorbei-ev.de\\\/wwwa\\\/wp-content\\\/uploads\\\/2017\\\/03\\\/museumsbunker03.jpg\",\"datePublished\":\"2017-03-24T15:12:17+00:00\",\"dateModified\":\"2017-06-20T18:44:33+00:00\",\"description\":\"Zivilschutzanlagen Im Rahmen unseres Projektes \\\"Museumsbunker Hannover\\\" informiert diese Zivilschutzanlagen-Dokumentation \u00fcber ehemalige \u00f6ffentliche\",\"breadcrumb\":{\"@id\":\"https:\\\/\\\/www.vorbei-ev.de\\\/wwwa\\\/zivilschutzanlagen-einleitung-und-themenuebersicht\\\/#breadcrumb\"},\"inLanguage\":\"de\",\"potentialAction\":[{\"@type\":\"ReadAction\",\"target\":[\"https:\\\/\\\/www.vorbei-ev.de\\\/wwwa\\\/zivilschutzanlagen-einleitung-und-themenuebersicht\\\/\"]}]},{\"@type\":\"ImageObject\",\"inLanguage\":\"de\",\"@id\":\"https:\\\/\\\/www.vorbei-ev.de\\\/wwwa\\\/zivilschutzanlagen-einleitung-und-themenuebersicht\\\/#primaryimage\",\"url\":\"https:\\\/\\\/www.vorbei-ev.de\\\/wwwa\\\/wp-content\\\/uploads\\\/2017\\\/03\\\/museumsbunker03.jpg\",\"contentUrl\":\"https:\\\/\\\/www.vorbei-ev.de\\\/wwwa\\\/wp-content\\\/uploads\\\/2017\\\/03\\\/museumsbunker03.jpg\",\"width\":800,\"height\":433},{\"@type\":\"BreadcrumbList\",\"@id\":\"https:\\\/\\\/www.vorbei-ev.de\\\/wwwa\\\/zivilschutzanlagen-einleitung-und-themenuebersicht\\\/#breadcrumb\",\"itemListElement\":[{\"@type\":\"ListItem\",\"position\":1,\"name\":\"Startseite\",\"item\":\"https:\\\/\\\/www.vorbei-ev.de\\\/wwwa\\\/\"},{\"@type\":\"ListItem\",\"position\":2,\"name\":\"Zivilschutzanlagen: Einleitung und Themen\u00fcbersicht\"}]},{\"@type\":\"WebSite\",\"@id\":\"https:\\\/\\\/www.vorbei-ev.de\\\/wwwa\\\/#website\",\"url\":\"https:\\\/\\\/www.vorbei-ev.de\\\/wwwa\\\/\",\"name\":\"Vorbei e.V.\",\"description\":\"Dokumentation und Erhalt zeitgeschichtlicher Bauwerke\",\"publisher\":{\"@id\":\"https:\\\/\\\/www.vorbei-ev.de\\\/wwwa\\\/#organization\"},\"potentialAction\":[{\"@type\":\"SearchAction\",\"target\":{\"@type\":\"EntryPoint\",\"urlTemplate\":\"https:\\\/\\\/www.vorbei-ev.de\\\/wwwa\\\/?s={search_term_string}\"},\"query-input\":{\"@type\":\"PropertyValueSpecification\",\"valueRequired\":true,\"valueName\":\"search_term_string\"}}],\"inLanguage\":\"de\"},{\"@type\":\"Organization\",\"@id\":\"https:\\\/\\\/www.vorbei-ev.de\\\/wwwa\\\/#organization\",\"name\":\"Vorbei e.V.\",\"url\":\"https:\\\/\\\/www.vorbei-ev.de\\\/wwwa\\\/\",\"logo\":{\"@type\":\"ImageObject\",\"inLanguage\":\"de\",\"@id\":\"https:\\\/\\\/www.vorbei-ev.de\\\/wwwa\\\/#\\\/schema\\\/logo\\\/image\\\/\",\"url\":\"https:\\\/\\\/www.vorbei-ev.de\\\/wwwa\\\/wp-content\\\/uploads\\\/2017\\\/04\\\/Logo_schwarz_640px.png\",\"contentUrl\":\"https:\\\/\\\/www.vorbei-ev.de\\\/wwwa\\\/wp-content\\\/uploads\\\/2017\\\/04\\\/Logo_schwarz_640px.png\",\"width\":640,\"height\":120,\"caption\":\"Vorbei e.V.\"},\"image\":{\"@id\":\"https:\\\/\\\/www.vorbei-ev.de\\\/wwwa\\\/#\\\/schema\\\/logo\\\/image\\\/\"},\"sameAs\":[\"https:\\\/\\\/www.facebook.com\\\/groups\\\/107150626035606\\\/\"]}]}<\/script>\n<!-- \/ Yoast SEO plugin. -->","yoast_head_json":{"title":"Zivilschutzanlagen: Einleitung und Themen\u00fcbersicht - Vorbei e.V.","description":"Zivilschutzanlagen Im Rahmen unseres Projektes \"Museumsbunker Hannover\" informiert diese Zivilschutzanlagen-Dokumentation \u00fcber ehemalige \u00f6ffentliche","robots":{"index":"index","follow":"follow","max-snippet":"max-snippet:-1","max-image-preview":"max-image-preview:large","max-video-preview":"max-video-preview:-1"},"canonical":"https:\/\/www.vorbei-ev.de\/wwwa\/zivilschutzanlagen-einleitung-und-themenuebersicht\/","og_locale":"de_DE","og_type":"article","og_title":"Zivilschutzanlagen: Einleitung und Themen\u00fcbersicht - Vorbei e.V.","og_description":"Zivilschutzanlagen Im Rahmen unseres Projektes \"Museumsbunker Hannover\" informiert diese Zivilschutzanlagen-Dokumentation \u00fcber ehemalige \u00f6ffentliche","og_url":"https:\/\/www.vorbei-ev.de\/wwwa\/zivilschutzanlagen-einleitung-und-themenuebersicht\/","og_site_name":"Vorbei e.V.","article_publisher":"https:\/\/www.facebook.com\/groups\/107150626035606\/","article_modified_time":"2017-06-20T18:44:33+00:00","og_image":[{"url":"https:\/\/www.vorbei-ev.de\/wwwa\/wp-content\/uploads\/2017\/03\/museumsbunker03.jpg","type":"","width":"","height":""}],"twitter_card":"summary_large_image","twitter_misc":{"Gesch\u00e4tzte Lesezeit":"4\u00a0Minuten"},"schema":{"@context":"https:\/\/schema.org","@graph":[{"@type":"WebPage","@id":"https:\/\/www.vorbei-ev.de\/wwwa\/zivilschutzanlagen-einleitung-und-themenuebersicht\/","url":"https:\/\/www.vorbei-ev.de\/wwwa\/zivilschutzanlagen-einleitung-und-themenuebersicht\/","name":"Zivilschutzanlagen: Einleitung und Themen\u00fcbersicht - Vorbei e.V.","isPartOf":{"@id":"https:\/\/www.vorbei-ev.de\/wwwa\/#website"},"primaryImageOfPage":{"@id":"https:\/\/www.vorbei-ev.de\/wwwa\/zivilschutzanlagen-einleitung-und-themenuebersicht\/#primaryimage"},"image":{"@id":"https:\/\/www.vorbei-ev.de\/wwwa\/zivilschutzanlagen-einleitung-und-themenuebersicht\/#primaryimage"},"thumbnailUrl":"https:\/\/www.vorbei-ev.de\/wwwa\/wp-content\/uploads\/2017\/03\/museumsbunker03.jpg","datePublished":"2017-03-24T15:12:17+00:00","dateModified":"2017-06-20T18:44:33+00:00","description":"Zivilschutzanlagen Im Rahmen unseres Projektes \"Museumsbunker Hannover\" informiert diese Zivilschutzanlagen-Dokumentation \u00fcber ehemalige \u00f6ffentliche","breadcrumb":{"@id":"https:\/\/www.vorbei-ev.de\/wwwa\/zivilschutzanlagen-einleitung-und-themenuebersicht\/#breadcrumb"},"inLanguage":"de","potentialAction":[{"@type":"ReadAction","target":["https:\/\/www.vorbei-ev.de\/wwwa\/zivilschutzanlagen-einleitung-und-themenuebersicht\/"]}]},{"@type":"ImageObject","inLanguage":"de","@id":"https:\/\/www.vorbei-ev.de\/wwwa\/zivilschutzanlagen-einleitung-und-themenuebersicht\/#primaryimage","url":"https:\/\/www.vorbei-ev.de\/wwwa\/wp-content\/uploads\/2017\/03\/museumsbunker03.jpg","contentUrl":"https:\/\/www.vorbei-ev.de\/wwwa\/wp-content\/uploads\/2017\/03\/museumsbunker03.jpg","width":800,"height":433},{"@type":"BreadcrumbList","@id":"https:\/\/www.vorbei-ev.de\/wwwa\/zivilschutzanlagen-einleitung-und-themenuebersicht\/#breadcrumb","itemListElement":[{"@type":"ListItem","position":1,"name":"Startseite","item":"https:\/\/www.vorbei-ev.de\/wwwa\/"},{"@type":"ListItem","position":2,"name":"Zivilschutzanlagen: Einleitung und Themen\u00fcbersicht"}]},{"@type":"WebSite","@id":"https:\/\/www.vorbei-ev.de\/wwwa\/#website","url":"https:\/\/www.vorbei-ev.de\/wwwa\/","name":"Vorbei e.V.","description":"Dokumentation und Erhalt zeitgeschichtlicher Bauwerke","publisher":{"@id":"https:\/\/www.vorbei-ev.de\/wwwa\/#organization"},"potentialAction":[{"@type":"SearchAction","target":{"@type":"EntryPoint","urlTemplate":"https:\/\/www.vorbei-ev.de\/wwwa\/?s={search_term_string}"},"query-input":{"@type":"PropertyValueSpecification","valueRequired":true,"valueName":"search_term_string"}}],"inLanguage":"de"},{"@type":"Organization","@id":"https:\/\/www.vorbei-ev.de\/wwwa\/#organization","name":"Vorbei e.V.","url":"https:\/\/www.vorbei-ev.de\/wwwa\/","logo":{"@type":"ImageObject","inLanguage":"de","@id":"https:\/\/www.vorbei-ev.de\/wwwa\/#\/schema\/logo\/image\/","url":"https:\/\/www.vorbei-ev.de\/wwwa\/wp-content\/uploads\/2017\/04\/Logo_schwarz_640px.png","contentUrl":"https:\/\/www.vorbei-ev.de\/wwwa\/wp-content\/uploads\/2017\/04\/Logo_schwarz_640px.png","width":640,"height":120,"caption":"Vorbei e.V."},"image":{"@id":"https:\/\/www.vorbei-ev.de\/wwwa\/#\/schema\/logo\/image\/"},"sameAs":["https:\/\/www.facebook.com\/groups\/107150626035606\/"]}]}},"_links":{"self":[{"href":"https:\/\/www.vorbei-ev.de\/wwwa\/wp-json\/wp\/v2\/pages\/914","targetHints":{"allow":["GET"]}}],"collection":[{"href":"https:\/\/www.vorbei-ev.de\/wwwa\/wp-json\/wp\/v2\/pages"}],"about":[{"href":"https:\/\/www.vorbei-ev.de\/wwwa\/wp-json\/wp\/v2\/types\/page"}],"author":[{"embeddable":true,"href":"https:\/\/www.vorbei-ev.de\/wwwa\/wp-json\/wp\/v2\/users\/2"}],"replies":[{"embeddable":true,"href":"https:\/\/www.vorbei-ev.de\/wwwa\/wp-json\/wp\/v2\/comments?post=914"}],"version-history":[{"count":24,"href":"https:\/\/www.vorbei-ev.de\/wwwa\/wp-json\/wp\/v2\/pages\/914\/revisions"}],"predecessor-version":[{"id":6251,"href":"https:\/\/www.vorbei-ev.de\/wwwa\/wp-json\/wp\/v2\/pages\/914\/revisions\/6251"}],"wp:attachment":[{"href":"https:\/\/www.vorbei-ev.de\/wwwa\/wp-json\/wp\/v2\/media?parent=914"}],"curies":[{"name":"wp","href":"https:\/\/api.w.org\/{rel}","templated":true}]}}