{"id":2705,"date":"2017-04-22T07:32:44","date_gmt":"2017-04-22T05:32:44","guid":{"rendered":"http:\/\/www.vorbei-ev.de\/wwwa\/?page_id=2705"},"modified":"2017-04-22T17:38:10","modified_gmt":"2017-04-22T15:38:10","slug":"virtuelles-gsvbw-museum-quellenangaben-und-danksagungen","status":"publish","type":"page","link":"https:\/\/www.vorbei-ev.de\/wwwa\/virtuelles-gsvbw-museum-quellenangaben-und-danksagungen\/","title":{"rendered":"Virtuelles GSVBw-Museum: Quellenangaben und Danksagungen"},"content":{"rendered":"<h1 style=\"text-align: center;\">GSVBw &#8211; Die Grundnetzschalt- und Vermittlungsstellen der Bundeswehr<\/h1>\n<h2>Quellenangaben und Danksagungen<\/h2>\n<p>&nbsp;<\/p>\n<p><strong>Verwendete Quellen:<\/strong><\/p>\n<p>-Gespr\u00e4che mit ehemaligen Mitarbeitern der GSVBw21 und anderen GSVBw.<br \/>\n-Eigene Recherchen des Vorbei e.V.<br \/>\n-Mehrmonatige Projektarbeit des Vorbei e.V. vor Ort.<\/p>\n<p>&nbsp;<\/p>\n<p><strong>Verwendete Dokumente aus dem Archiv des Vorbei e.V.:<\/strong><\/p>\n<p>-Grunds\u00e4tzliche Milit\u00e4rische Infrastrukturanforderungen f\u00fcr eine GSVBw (Grundsatz-MIF GSVBw) \/ Neufassung 1965<br \/>\n-Grunds\u00e4tzliche Milit\u00e4rische Forderungen f\u00fcr die fernmeldetechnische Ausr\u00fcstung einer GSVBw \/ 04.02.1965<br \/>\n-Schemazeichnungen 3310\/100-130<br \/>\n-Objekttarnung GSVBw \/ BerFmFhr Hannover \/ 15.11.1976<br \/>\n-Bauliche Absicherungen von Fernmeldeanlagen \/ BMVg 19.01.1984<br \/>\n-Abschlu\u00dfprotokoll Arbeitstagung der Maschinenmeister \/ Bundeswehramt Abt. Fernmeldewesen und Elektronik \/ 27.02.1970<br \/>\n-Vortrag \u00fcber Schalt-Organisation, Bundeswehr-Grundnetz und GSVBw \/ BerFmFhr Dortmund \/ 16.01.1970<br \/>\n-Protokoll \u00fcber den Einweisungslehrgang der Leiter GSVBw in Traben-Trarbach vom 01.02.1966 bis 03.02.1966 \/ Kommando der Territorialen Verteidigung \/ 11.03.1966<br \/>\n-Vermerk \u00fcber das Ergebnis der am 01.10.1964 gef\u00fchrten Besprechung zur Inbetriebnahme von Grundnetzvermittlungen \/ Wehrbereichsverwaltung II \/ 06.10.1964<br \/>\n-Niederschrift \u00fcber die gemeinsame Begehung einer GSVBw vor Bau\u00fcbergabe \/ Kommando der Territorialen Verteidigung \/ 18.01.1966<br \/>\n-Niederschrift Mil. Sonderinfrastruktur; Bau\u00fcbergabe der GSVBw \/ F\u00fc B IV 3 \/ 26.01.1965<br \/>\n-Vermerk des Maschinenmeisters der GSVBw27 vom 17.08.1995<br \/>\n-Antrag des FmSysAbschnBw 401 zur Aufl\u00f6sung der GSVBw45 \/ 18.01.1995<br \/>\n-Niederschrift des Referats: Schaltdienst im Bw-Grundnetz.<br \/>\n-Niederschrift des Referats: Allgemeiner \u00dcberblick \u00fcber die Deutsche Schaltorganisation<br \/>\n-Referat: Grunds\u00e4tzliches \u00fcber Aufbau und Arbeitsweise der 4Draht-Fernvermittlungsstellen in GSVBw<br \/>\n-Referat: Grunds\u00e4tzliches \u00fcber den Schaltverteiler in GSVBw<br \/>\n-Inbetriebnahme und Bedienungsanleitung f\u00fcr Fernschreib-Handvermittlung D20\/200 in Steckerausf\u00fchrung<br \/>\n-Brandschutzger\u00e4teausstattung f\u00fcr die von der Au\u00dfenluft unabh\u00e4ngige Untertageanlagen im Wehrbereich II \/ 15.01.1974<br \/>\n-Hinweise auf hygienische und arbeitsphysiologische Besonderheiten in unterirdischen Anlagen \/ Institut f\u00fcr Wehrmedizin und Hygiene \/ Januar 1966<br \/>\n-Raumfilter R10 in Schutzbauten der Bundeswehr \/ Wehrwissenschaftliche Dienststelle der Bundeswehr f\u00fcr ABC-Schutz \/ 16.03.1988<br \/>\n-AUER Raumfilter Gebrauchsanweisung<br \/>\n-Baufachliche Richtlinien f\u00fcr die Planung und Ausf\u00fchrung ortsfester Hundezwingeranlagen der Bundeswehr \/ 12.07.1967<br \/>\n-Protokoll: Vortrag \u00fcber die Fernmeldestromversorgungsanlage in einer GSVBw \/ April 1970 \/ FTZ Darmstadt<br \/>\n-Abschrift: Probel\u00e4ufe von Notstrom-Maschinens\u00e4tzen \/ 23.10.1957 \/ WBV II<br \/>\n-Betriebstechnik: Laufende \u00dcberwachung von Notstroms\u00e4tzen \/ 19.08.1980 \/ WBV II<br \/>\n-Niederschrift: Kurzvortrag \u00fcber die Stromversorgungsanlagen (NEA) in den GSVBw \/ 16.01.1970<br \/>\n-Berechnung und Erstattung der anteiligen Personal- und Sachkosten \/ 30.11.1970<br \/>\n-Erprobung von Luftregenerationsanlagen &#8211; Mil. Forderung Nr. 55 \/ Infrastrukturstab der Bundeswehr<br \/>\n-Erprobungsplan zur Erprobung der Luftregeneration in GSVBw \/ BWB bei Erp 91 \/ 10.09.1976<br \/>\n-Schilderung des Luftregenerationsversuches \/ Vortragsprotokoll<br \/>\n-Spruchvordruck: Besichtung der elektrohydraulischen T\u00fcrenbet\u00e4tigung \/ GSVBw 27 \/ 28.04.1970<br \/>\n-Fernschreiben: Vorstellung des Prototyps der elektrohydraulischen T\u00fcrbet\u00e4tigung \/ Msgnr 11131 \/ 25.03.1970<br \/>\n-Besprechungsunterlage: Stand der Erprobung und Vorf\u00fchrung der elektrohydraulischen Bet\u00e4tigung von Schleusent\u00fcren \/ ErpSt 91 \/ 26.03.1970<br \/>\n-Teilnehmerliste Vorf\u00fchrung Elektrohydraulische Schleusent\u00fcr-Bet\u00e4tigung \/ 10.04.1970<br \/>\n-Protokoll \u00fcber die Vorstellung des Prototyps der elektrohydraulischen T\u00fcrenbet\u00e4tigung \/ Bundesamt f\u00fcr Wehrtechnik und Beschaffung \/ 09.04.1970<br \/>\n-Fernschreiben: Tel. R\u00fcckspr. Vorstellung der elektrohydraulischen Anlage zur Bet\u00e4tigung der Panzert\u00fcren \/ Msgnr 55 \/ 28.04.1970<br \/>\n-GSVBw 27 Lingen, vorl\u00e4ufige \u00dcbergabe der Eingangsschleuse mit direkt hydraulisch bet\u00e4tigten T\u00fcren \/ ErpSt 91 \/ 08.10.1971<br \/>\n-Vorf\u00fchrungsunterlage Stand des Umbaues und der Erprobung der elektro-hydraulisch bet\u00e4tigten Eingangsschleuse der GSVBw 27 \/ ErpSt 91-614 \/ 27.09.1973<\/p>\n<p>&nbsp;<\/p>\n<p><strong>Wir bedanken uns besonders f\u00fcr die Unterst\u00fctzung in Form von Informationen und Fotos bei:<\/strong><\/p>\n<p>Frau Andrea Dircks<br \/>\nHerrn Martin Benson<br \/>\nHerrn Bernhard Br\u00f6ske<br \/>\nHerrn Sebastian Br\u00f6ske<br \/>\nHerrn Andreas B\u00f6ttger<br \/>\nHerrn Werner Heinemeyer<br \/>\nHerrn Richard K\u00fcgeler<br \/>\nHerrn Reinhard L\u00e4chelt<br \/>\nHerrn J\u00f6rg Sch\u00fcrmann<br \/>\nHerrn Kurt Wilhelm<\/p>\n<p>Bau- und Liegenschaftsbetrieb des Landes Nordrhein-Westfalen BLB-NRW<br \/>\nBundesanstalt f\u00fcr Immobilienaufgaben<br \/>\nBundesministerium der Verteidigung BMVg<br \/>\nBundeswehr<br \/>\nForstamt Stadt Siegen<br \/>\nMilit\u00e4rgeschichtliches Forschungsamt Potsdam<br \/>\nStiftung Deutsches Technikmuseum Berlin<\/p>\n<p>&nbsp;<\/p>\n<table>\n<tbody>\n<tr>\n<td style=\"width: 30%; background-color: #bebebe; text-align: center; vertical-align: middle;\">&lt; <a href=\"https:\/\/www.vorbei-ev.de\/wwwa\/virtuelles-gsvbw-museum-erprobung-hydraulik-dokumentation-vor-ort\/\">Vorherige Seite<\/a><\/td>\n<td style=\"width: 5%; text-align: center; vertical-align: middle;\"><\/td>\n<td style=\"width: 30%; background-color: #bebebe; text-align: center; vertical-align: middle;\"><a href=\"https:\/\/www.vorbei-ev.de\/wwwa\/virtuelles-gsvbw-museum-einleitung-und-themenuebersicht\/\">Zur\u00fcck zur Einleitung<\/a><\/td>\n<td style=\"width: 5%; text-align: center; vertical-align: middle;\"><\/td>\n<td style=\"width: 30%; background-color: #bebebe; text-align: center; vertical-align: middle;\"><a href=\"https:\/\/www.vorbei-ev.de\/wwwa\/virtuelles-gsvbw-museum-einleitung-und-themenuebersicht\/\">N\u00e4chste Seite<\/a> &gt;<\/td>\n<\/tr>\n<\/tbody>\n<\/table>\n<div class=\"shariff shariff-align-left shariff-widget-align-left shariff-buttonstretch\" data-services=\"facebook\" data-url=\"https:\/\/www.vorbei-ev.de\/wwwa\/virtuelles-gsvbw-museum-quellenangaben-und-danksagungen\/\" data-timestamp=\"1492882690\" data-backendurl=\"https:\/\/www.vorbei-ev.de\/wwwa\/wp-json\/shariff\/v1\/share_counts?\"><ul class=\"shariff-buttons theme-default orientation-horizontal buttonsize-medium\"><li class=\"shariff-button facebook shariff-nocustomcolor\" style=\"background-color:#4273c8\"><a href=\"https:\/\/www.facebook.com\/sharer\/sharer.php?u=https%3A%2F%2Fwww.vorbei-ev.de%2Fwwwa%2Fvirtuelles-gsvbw-museum-quellenangaben-und-danksagungen%2F\" title=\"Bei Facebook teilen\" aria-label=\"Bei Facebook teilen\" role=\"button\" rel=\"nofollow\" class=\"shariff-link\" style=\"; background-color:#3b5998; color:#fff\" target=\"_blank\"><span class=\"shariff-icon\" style=\"\"><svg width=\"32px\" height=\"20px\" xmlns=\"http:\/\/www.w3.org\/2000\/svg\" viewBox=\"0 0 18 32\"><path fill=\"#3b5998\" d=\"M17.1 0.2v4.7h-2.8q-1.5 0-2.1 0.6t-0.5 1.9v3.4h5.2l-0.7 5.3h-4.5v13.6h-5.5v-13.6h-4.5v-5.3h4.5v-3.9q0-3.3 1.9-5.2t5-1.8q2.6 0 4.1 0.2z\"\/><\/svg><\/span><span class=\"shariff-text\">teilen<\/span>&nbsp;<\/a><\/li><li class=\"shariff-button twitter shariff-nocustomcolor\" style=\"background-color:#595959\"><a href=\"https:\/\/twitter.com\/share?url=https%3A%2F%2Fwww.vorbei-ev.de%2Fwwwa%2Fvirtuelles-gsvbw-museum-quellenangaben-und-danksagungen%2F&text=Virtuelles%20GSVBw-Museum%3A%20Quellenangaben%20und%20Danksagungen\" title=\"Bei X teilen\" aria-label=\"Bei X teilen\" role=\"button\" rel=\"noopener nofollow\" class=\"shariff-link\" style=\"; background-color:#000; color:#fff\" target=\"_blank\"><span class=\"shariff-icon\" style=\"\"><svg width=\"32px\" height=\"20px\" xmlns=\"http:\/\/www.w3.org\/2000\/svg\" viewBox=\"0 0 24 24\"><path fill=\"#000\" d=\"M14.258 10.152L23.176 0h-2.113l-7.747 8.813L7.133 0H0l9.352 13.328L0 23.973h2.113l8.176-9.309 6.531 9.309h7.133zm-2.895 3.293l-.949-1.328L2.875 1.56h3.246l6.086 8.523.945 1.328 7.91 11.078h-3.246zm0 0\"\/><\/svg><\/span><span class=\"shariff-text\">teilen<\/span>&nbsp;<\/a><\/li><li class=\"shariff-button whatsapp shariff-nocustomcolor\" style=\"background-color:#5cbe4a\"><a href=\"https:\/\/api.whatsapp.com\/send?text=https%3A%2F%2Fwww.vorbei-ev.de%2Fwwwa%2Fvirtuelles-gsvbw-museum-quellenangaben-und-danksagungen%2F%20Virtuelles%20GSVBw-Museum%3A%20Quellenangaben%20und%20Danksagungen\" title=\"Bei Whatsapp teilen\" aria-label=\"Bei Whatsapp teilen\" role=\"button\" rel=\"noopener nofollow\" class=\"shariff-link\" style=\"; background-color:#34af23; color:#fff\" target=\"_blank\"><span class=\"shariff-icon\" style=\"\"><svg width=\"32px\" height=\"20px\" xmlns=\"http:\/\/www.w3.org\/2000\/svg\" viewBox=\"0 0 32 32\"><path fill=\"#34af23\" d=\"M17.6 17.4q0.2 0 1.7 0.8t1.6 0.9q0 0.1 0 0.3 0 0.6-0.3 1.4-0.3 0.7-1.3 1.2t-1.8 0.5q-1 0-3.4-1.1-1.7-0.8-3-2.1t-2.6-3.3q-1.3-1.9-1.3-3.5v-0.1q0.1-1.6 1.3-2.8 0.4-0.4 0.9-0.4 0.1 0 0.3 0t0.3 0q0.3 0 0.5 0.1t0.3 0.5q0.1 0.4 0.6 1.6t0.4 1.3q0 0.4-0.6 1t-0.6 0.8q0 0.1 0.1 0.3 0.6 1.3 1.8 2.4 1 0.9 2.7 1.8 0.2 0.1 0.4 0.1 0.3 0 1-0.9t0.9-0.9zM14 26.9q2.3 0 4.3-0.9t3.6-2.4 2.4-3.6 0.9-4.3-0.9-4.3-2.4-3.6-3.6-2.4-4.3-0.9-4.3 0.9-3.6 2.4-2.4 3.6-0.9 4.3q0 3.6 2.1 6.6l-1.4 4.2 4.3-1.4q2.8 1.9 6.2 1.9zM14 2.2q2.7 0 5.2 1.1t4.3 2.9 2.9 4.3 1.1 5.2-1.1 5.2-2.9 4.3-4.3 2.9-5.2 1.1q-3.5 0-6.5-1.7l-7.4 2.4 2.4-7.2q-1.9-3.2-1.9-6.9 0-2.7 1.1-5.2t2.9-4.3 4.3-2.9 5.2-1.1z\"\/><\/svg><\/span><span class=\"shariff-text\">teilen<\/span>&nbsp;<\/a><\/li><li class=\"shariff-button telegram shariff-nocustomcolor\" style=\"background-color:#4084A6\"><a href=\"https:\/\/telegram.me\/share\/url?url=https%3A%2F%2Fwww.vorbei-ev.de%2Fwwwa%2Fvirtuelles-gsvbw-museum-quellenangaben-und-danksagungen%2F&text=Virtuelles%20GSVBw-Museum%3A%20Quellenangaben%20und%20Danksagungen\" title=\"Bei Telegram teilen\" aria-label=\"Bei Telegram teilen\" role=\"button\" rel=\"noopener nofollow\" class=\"shariff-link\" style=\"; background-color:#0088cc; color:#fff\" target=\"_blank\"><span class=\"shariff-icon\" style=\"\"><svg width=\"32px\" height=\"20px\" xmlns=\"http:\/\/www.w3.org\/2000\/svg\" viewBox=\"0 0 32 32\"><path fill=\"#0088cc\" d=\"M30.8 6.5l-4.5 21.4c-.3 1.5-1.2 1.9-2.5 1.2L16.9 24l-3.3 3.2c-.4.4-.7.7-1.4.7l.5-7L25.5 9.2c.6-.5-.1-.8-.9-.3l-15.8 10L2 16.7c-1.5-.5-1.5-1.5.3-2.2L28.9 4.3c1.3-.5 2.3.3 1.9 2.2z\"\/><\/svg><\/span><span class=\"shariff-text\">teilen<\/span>&nbsp;<\/a><\/li><\/ul><\/div>","protected":false},"excerpt":{"rendered":"<p>GSVBw &#8211; Die Grundnetzschalt- und Vermittlungsstellen der Bundeswehr Quellenangaben und Danksagungen &nbsp; Verwendete Quellen: -Gespr\u00e4che mit ehemaligen Mitarbeitern der GSVBw21 und anderen GSVBw. -Eigene Recherchen des Vorbei e.V. -Mehrmonatige Projektarbeit des Vorbei e.V. vor Ort. &nbsp; Verwendete Dokumente aus dem Archiv des Vorbei e.V.: -Grunds\u00e4tzliche Milit\u00e4rische Infrastrukturanforderungen f\u00fcr eine GSVBw (Grundsatz-MIF GSVBw) \/ Neufassung 1965 &hellip; <\/p>\n<p class=\"link-more\"><a href=\"https:\/\/www.vorbei-ev.de\/wwwa\/virtuelles-gsvbw-museum-quellenangaben-und-danksagungen\/\" class=\"more-link\"><span class=\"screen-reader-text\">\u201eVirtuelles GSVBw-Museum: Quellenangaben und Danksagungen\u201c <\/span>weiterlesen<\/a><\/p>\n","protected":false},"author":2,"featured_media":0,"parent":0,"menu_order":0,"comment_status":"closed","ping_status":"closed","template":"","meta":{"footnotes":""},"class_list":["post-2705","page","type-page","status-publish","hentry"],"yoast_head":"<!-- This site is optimized with the Yoast SEO plugin v27.4 - https:\/\/yoast.com\/product\/yoast-seo-wordpress\/ -->\n<title>Virtuelles GSVBw-Museum: Quellenangaben und Danksagungen - Vorbei e.V.<\/title>\n<meta name=\"description\" content=\"GSVBw - Die Grundnetzschalt- und Vermittlungsstellen der Bundeswehr Quellenangaben und Danksagungen &nbsp; Verwendete Quellen: -Gespr\u00e4che mit ehemaligen\" \/>\n<meta name=\"robots\" content=\"index, follow, max-snippet:-1, max-image-preview:large, max-video-preview:-1\" \/>\n<link rel=\"canonical\" href=\"https:\/\/www.vorbei-ev.de\/wwwa\/virtuelles-gsvbw-museum-quellenangaben-und-danksagungen\/\" \/>\n<meta property=\"og:locale\" content=\"de_DE\" \/>\n<meta property=\"og:type\" content=\"article\" \/>\n<meta property=\"og:title\" content=\"Virtuelles GSVBw-Museum: Quellenangaben und Danksagungen - Vorbei e.V.\" \/>\n<meta property=\"og:description\" content=\"GSVBw - Die Grundnetzschalt- und Vermittlungsstellen der Bundeswehr Quellenangaben und Danksagungen &nbsp; Verwendete Quellen: -Gespr\u00e4che mit ehemaligen\" \/>\n<meta property=\"og:url\" content=\"https:\/\/www.vorbei-ev.de\/wwwa\/virtuelles-gsvbw-museum-quellenangaben-und-danksagungen\/\" \/>\n<meta property=\"og:site_name\" content=\"Vorbei e.V.\" \/>\n<meta property=\"article:publisher\" content=\"https:\/\/www.facebook.com\/groups\/107150626035606\/\" \/>\n<meta property=\"article:modified_time\" content=\"2017-04-22T15:38:10+00:00\" \/>\n<meta name=\"twitter:card\" content=\"summary_large_image\" \/>\n<meta name=\"twitter:label1\" content=\"Gesch\u00e4tzte Lesezeit\" \/>\n\t<meta name=\"twitter:data1\" content=\"3\u00a0Minuten\" \/>\n<script type=\"application\/ld+json\" class=\"yoast-schema-graph\">{\"@context\":\"https:\\\/\\\/schema.org\",\"@graph\":[{\"@type\":\"WebPage\",\"@id\":\"https:\\\/\\\/www.vorbei-ev.de\\\/wwwa\\\/virtuelles-gsvbw-museum-quellenangaben-und-danksagungen\\\/\",\"url\":\"https:\\\/\\\/www.vorbei-ev.de\\\/wwwa\\\/virtuelles-gsvbw-museum-quellenangaben-und-danksagungen\\\/\",\"name\":\"Virtuelles GSVBw-Museum: Quellenangaben und Danksagungen - Vorbei e.V.\",\"isPartOf\":{\"@id\":\"https:\\\/\\\/www.vorbei-ev.de\\\/wwwa\\\/#website\"},\"datePublished\":\"2017-04-22T05:32:44+00:00\",\"dateModified\":\"2017-04-22T15:38:10+00:00\",\"description\":\"GSVBw - Die Grundnetzschalt- und Vermittlungsstellen der Bundeswehr Quellenangaben und Danksagungen &nbsp; Verwendete Quellen: -Gespr\u00e4che mit ehemaligen\",\"breadcrumb\":{\"@id\":\"https:\\\/\\\/www.vorbei-ev.de\\\/wwwa\\\/virtuelles-gsvbw-museum-quellenangaben-und-danksagungen\\\/#breadcrumb\"},\"inLanguage\":\"de\",\"potentialAction\":[{\"@type\":\"ReadAction\",\"target\":[\"https:\\\/\\\/www.vorbei-ev.de\\\/wwwa\\\/virtuelles-gsvbw-museum-quellenangaben-und-danksagungen\\\/\"]}]},{\"@type\":\"BreadcrumbList\",\"@id\":\"https:\\\/\\\/www.vorbei-ev.de\\\/wwwa\\\/virtuelles-gsvbw-museum-quellenangaben-und-danksagungen\\\/#breadcrumb\",\"itemListElement\":[{\"@type\":\"ListItem\",\"position\":1,\"name\":\"Startseite\",\"item\":\"https:\\\/\\\/www.vorbei-ev.de\\\/wwwa\\\/\"},{\"@type\":\"ListItem\",\"position\":2,\"name\":\"Virtuelles GSVBw-Museum: Quellenangaben und Danksagungen\"}]},{\"@type\":\"WebSite\",\"@id\":\"https:\\\/\\\/www.vorbei-ev.de\\\/wwwa\\\/#website\",\"url\":\"https:\\\/\\\/www.vorbei-ev.de\\\/wwwa\\\/\",\"name\":\"Vorbei e.V.\",\"description\":\"Dokumentation und Erhalt zeitgeschichtlicher Bauwerke\",\"publisher\":{\"@id\":\"https:\\\/\\\/www.vorbei-ev.de\\\/wwwa\\\/#organization\"},\"potentialAction\":[{\"@type\":\"SearchAction\",\"target\":{\"@type\":\"EntryPoint\",\"urlTemplate\":\"https:\\\/\\\/www.vorbei-ev.de\\\/wwwa\\\/?s={search_term_string}\"},\"query-input\":{\"@type\":\"PropertyValueSpecification\",\"valueRequired\":true,\"valueName\":\"search_term_string\"}}],\"inLanguage\":\"de\"},{\"@type\":\"Organization\",\"@id\":\"https:\\\/\\\/www.vorbei-ev.de\\\/wwwa\\\/#organization\",\"name\":\"Vorbei e.V.\",\"url\":\"https:\\\/\\\/www.vorbei-ev.de\\\/wwwa\\\/\",\"logo\":{\"@type\":\"ImageObject\",\"inLanguage\":\"de\",\"@id\":\"https:\\\/\\\/www.vorbei-ev.de\\\/wwwa\\\/#\\\/schema\\\/logo\\\/image\\\/\",\"url\":\"https:\\\/\\\/www.vorbei-ev.de\\\/wwwa\\\/wp-content\\\/uploads\\\/2017\\\/04\\\/Logo_schwarz_640px.png\",\"contentUrl\":\"https:\\\/\\\/www.vorbei-ev.de\\\/wwwa\\\/wp-content\\\/uploads\\\/2017\\\/04\\\/Logo_schwarz_640px.png\",\"width\":640,\"height\":120,\"caption\":\"Vorbei e.V.\"},\"image\":{\"@id\":\"https:\\\/\\\/www.vorbei-ev.de\\\/wwwa\\\/#\\\/schema\\\/logo\\\/image\\\/\"},\"sameAs\":[\"https:\\\/\\\/www.facebook.com\\\/groups\\\/107150626035606\\\/\"]}]}<\/script>\n<!-- \/ Yoast SEO plugin. -->","yoast_head_json":{"title":"Virtuelles GSVBw-Museum: Quellenangaben und Danksagungen - Vorbei e.V.","description":"GSVBw - Die Grundnetzschalt- und Vermittlungsstellen der Bundeswehr Quellenangaben und Danksagungen &nbsp; Verwendete Quellen: -Gespr\u00e4che mit ehemaligen","robots":{"index":"index","follow":"follow","max-snippet":"max-snippet:-1","max-image-preview":"max-image-preview:large","max-video-preview":"max-video-preview:-1"},"canonical":"https:\/\/www.vorbei-ev.de\/wwwa\/virtuelles-gsvbw-museum-quellenangaben-und-danksagungen\/","og_locale":"de_DE","og_type":"article","og_title":"Virtuelles GSVBw-Museum: Quellenangaben und Danksagungen - Vorbei e.V.","og_description":"GSVBw - Die Grundnetzschalt- und Vermittlungsstellen der Bundeswehr Quellenangaben und Danksagungen &nbsp; Verwendete Quellen: -Gespr\u00e4che mit ehemaligen","og_url":"https:\/\/www.vorbei-ev.de\/wwwa\/virtuelles-gsvbw-museum-quellenangaben-und-danksagungen\/","og_site_name":"Vorbei e.V.","article_publisher":"https:\/\/www.facebook.com\/groups\/107150626035606\/","article_modified_time":"2017-04-22T15:38:10+00:00","twitter_card":"summary_large_image","twitter_misc":{"Gesch\u00e4tzte Lesezeit":"3\u00a0Minuten"},"schema":{"@context":"https:\/\/schema.org","@graph":[{"@type":"WebPage","@id":"https:\/\/www.vorbei-ev.de\/wwwa\/virtuelles-gsvbw-museum-quellenangaben-und-danksagungen\/","url":"https:\/\/www.vorbei-ev.de\/wwwa\/virtuelles-gsvbw-museum-quellenangaben-und-danksagungen\/","name":"Virtuelles GSVBw-Museum: Quellenangaben und Danksagungen - Vorbei e.V.","isPartOf":{"@id":"https:\/\/www.vorbei-ev.de\/wwwa\/#website"},"datePublished":"2017-04-22T05:32:44+00:00","dateModified":"2017-04-22T15:38:10+00:00","description":"GSVBw - Die Grundnetzschalt- und Vermittlungsstellen der Bundeswehr Quellenangaben und Danksagungen &nbsp; Verwendete Quellen: -Gespr\u00e4che mit ehemaligen","breadcrumb":{"@id":"https:\/\/www.vorbei-ev.de\/wwwa\/virtuelles-gsvbw-museum-quellenangaben-und-danksagungen\/#breadcrumb"},"inLanguage":"de","potentialAction":[{"@type":"ReadAction","target":["https:\/\/www.vorbei-ev.de\/wwwa\/virtuelles-gsvbw-museum-quellenangaben-und-danksagungen\/"]}]},{"@type":"BreadcrumbList","@id":"https:\/\/www.vorbei-ev.de\/wwwa\/virtuelles-gsvbw-museum-quellenangaben-und-danksagungen\/#breadcrumb","itemListElement":[{"@type":"ListItem","position":1,"name":"Startseite","item":"https:\/\/www.vorbei-ev.de\/wwwa\/"},{"@type":"ListItem","position":2,"name":"Virtuelles GSVBw-Museum: Quellenangaben und Danksagungen"}]},{"@type":"WebSite","@id":"https:\/\/www.vorbei-ev.de\/wwwa\/#website","url":"https:\/\/www.vorbei-ev.de\/wwwa\/","name":"Vorbei e.V.","description":"Dokumentation und Erhalt zeitgeschichtlicher Bauwerke","publisher":{"@id":"https:\/\/www.vorbei-ev.de\/wwwa\/#organization"},"potentialAction":[{"@type":"SearchAction","target":{"@type":"EntryPoint","urlTemplate":"https:\/\/www.vorbei-ev.de\/wwwa\/?s={search_term_string}"},"query-input":{"@type":"PropertyValueSpecification","valueRequired":true,"valueName":"search_term_string"}}],"inLanguage":"de"},{"@type":"Organization","@id":"https:\/\/www.vorbei-ev.de\/wwwa\/#organization","name":"Vorbei e.V.","url":"https:\/\/www.vorbei-ev.de\/wwwa\/","logo":{"@type":"ImageObject","inLanguage":"de","@id":"https:\/\/www.vorbei-ev.de\/wwwa\/#\/schema\/logo\/image\/","url":"https:\/\/www.vorbei-ev.de\/wwwa\/wp-content\/uploads\/2017\/04\/Logo_schwarz_640px.png","contentUrl":"https:\/\/www.vorbei-ev.de\/wwwa\/wp-content\/uploads\/2017\/04\/Logo_schwarz_640px.png","width":640,"height":120,"caption":"Vorbei e.V."},"image":{"@id":"https:\/\/www.vorbei-ev.de\/wwwa\/#\/schema\/logo\/image\/"},"sameAs":["https:\/\/www.facebook.com\/groups\/107150626035606\/"]}]}},"_links":{"self":[{"href":"https:\/\/www.vorbei-ev.de\/wwwa\/wp-json\/wp\/v2\/pages\/2705","targetHints":{"allow":["GET"]}}],"collection":[{"href":"https:\/\/www.vorbei-ev.de\/wwwa\/wp-json\/wp\/v2\/pages"}],"about":[{"href":"https:\/\/www.vorbei-ev.de\/wwwa\/wp-json\/wp\/v2\/types\/page"}],"author":[{"embeddable":true,"href":"https:\/\/www.vorbei-ev.de\/wwwa\/wp-json\/wp\/v2\/users\/2"}],"replies":[{"embeddable":true,"href":"https:\/\/www.vorbei-ev.de\/wwwa\/wp-json\/wp\/v2\/comments?post=2705"}],"version-history":[{"count":5,"href":"https:\/\/www.vorbei-ev.de\/wwwa\/wp-json\/wp\/v2\/pages\/2705\/revisions"}],"predecessor-version":[{"id":2729,"href":"https:\/\/www.vorbei-ev.de\/wwwa\/wp-json\/wp\/v2\/pages\/2705\/revisions\/2729"}],"wp:attachment":[{"href":"https:\/\/www.vorbei-ev.de\/wwwa\/wp-json\/wp\/v2\/media?parent=2705"}],"curies":[{"name":"wp","href":"https:\/\/api.w.org\/{rel}","templated":true}]}}