{"id":1982,"date":"2017-04-08T09:13:01","date_gmt":"2017-04-08T07:13:01","guid":{"rendered":"http:\/\/www.vorbei-ev.de\/wwwa\/?page_id=1982"},"modified":"2017-06-21T20:42:39","modified_gmt":"2017-06-21T18:42:39","slug":"virtuelles-gsvbw-museum-verschiedene-ausfuehrungen-des-fernmeldebetriebsgebaeudes","status":"publish","type":"page","link":"https:\/\/www.vorbei-ev.de\/wwwa\/virtuelles-gsvbw-museum-verschiedene-ausfuehrungen-des-fernmeldebetriebsgebaeudes\/","title":{"rendered":"Virtuelles GSVBw-Museum: Verschiedene Ausf\u00fchrungen des Fernmeldebetriebsgeb\u00e4udes"},"content":{"rendered":"<h1 style=\"text-align: center;\">GSVBw &#8211; Die Grundnetzschalt- und Vermittlungsstellen der Bundeswehr<\/h1>\n<h2>Verschiedene Ausf\u00fchrungen des Fernmeldebetriebsgeb\u00e4udes (Objekt1) einer GSVBw<\/h2>\n<p>In der GSVBw-Bauplanung und Bauausf\u00fchrung wurde zwischen zwei Bauformen, der oberirdischen GSVBw und der unterirdischen GSVBw, unterschieden.<\/p>\n<p>In einer oberirdischen GSVBw wurde das Fernmeldebetriebsgeb\u00e4ude in Form eines biegesteifen Betonk\u00f6rpers als Schutzbau errichtet. Neben dem GSVBw-Typ konnte noch zwischen drei Bauweisen des Fernmeldebetriebsgeb\u00e4udes unterschieden werden:<\/p>\n<figure id=\"attachment_1934\" aria-describedby=\"caption-attachment-1934\" style=\"width: 800px\" class=\"wp-caption aligncenter\"><img loading=\"lazy\" decoding=\"async\" class=\"wp-image-1934 size-full\" src=\"https:\/\/www.vorbei-ev.de\/wwwa\/wp-content\/uploads\/2017\/04\/grafik_gsvbw-bauformen.gif\" alt=\"Verschiedene Ausf\u00fchrungen des Fernmeldebetriebsgeb\u00e4udes (Objekt1) Bunker einer GSVBw\" width=\"800\" height=\"266\" \/><figcaption id=\"caption-attachment-1934\" class=\"wp-caption-text\">Verschiedene Ausf\u00fchrungen des Fernmeldebetriebsgeb\u00e4udes (Objekt1) einer GSVBw<\/figcaption><\/figure>\n<p>Die Entscheidung, ob das Fernmeldebetriebsgeb\u00e4ude der GSVBw in einer vollversenkten, einer teilversenkten oder in einer aufgesetzten Bauweise errichtet wurde, war von den jeweiligen Grundwasserverh\u00e4ltnissen am geplanten Standort abh\u00e4ngig.<\/p>\n<p>Weiterhin erfolgte bei der oberirdischen Anlage eine Unterscheidung in 4 verschiedene GSVBw-Typen. Je nach GSVBw-Typ wies dabei das Fernmeldebetriebsgeb\u00e4ude besondere Merkmale im Grundriss auf. Eine GSVBw des Typs C wurde nicht errichtet. Der Grundriss des Fernmeldebetriebsgeb\u00e4udes einer GSVBw Typ C steht daher leider nicht zur Verf\u00fcgung. Die Raumaufteilung des Typ C entspricht dem einer GSVBw Typ A mit den baulichen Erweiterungen der Luftk\u00fchlungsvorrichtungen des GSVBw-Typ D. Die GSVBw 45 in Jesberg muss an dieser Stelle gesondert betrachtet werden, da die Fernmeldebetriebsr\u00e4ume dieser GSVBw in den R\u00e4umen einer Verst\u00e4rkerstelle (VrSt) der Deutschen Bundespost eingerichtet wurden. Einige GSVBw erhielten zus\u00e4tzlich eine Wetterfernmeldestelle (WeFmSt). Diese Dienststellen wurden auch als geophysikalische Fernmeldeleitstelle (GeophysFmLtSt) bezeichnet, und stellten, neben der GSVBw-Funktionalit\u00e4t, zus\u00e4tzlich eine Betriebsstelle im Fernmeldenetz (GeophysFmNBw) des geophysikalischen Beratungsdienstes der Bundeswehr (GeophysBDBw) dar.<\/p>\n<p>&nbsp;<\/p>\n<h2>Oberirdische GSVBw-Typen mit Grundrissen:<\/h2>\n<p><a href=\"https:\/\/www.vorbei-ev.de\/wwwa\/virtuelles-gsvbw-museum-grundriss-gsvbw-typ-a\/\" target=\"_blank\" rel=\"noopener noreferrer\">GSVBw Typ A: GSVBw mit Wasserk\u00fchlung<\/a><\/p>\n<p><a href=\"https:\/\/www.vorbei-ev.de\/wwwa\/virtuelles-gsvbw-museum-grundriss-gsvbw-typ-b\/\" target=\"_blank\" rel=\"noopener noreferrer\">GSVBw Typ B: GSVBw mit Wetterfernmeldestelle und Wasserk\u00fchlung<\/a><\/p>\n<p><a href=\"https:\/\/www.vorbei-ev.de\/wwwa\/virtuelles-gsvbw-museum-grundriss-gsvbw-typ-c\/\" target=\"_blank\" rel=\"noopener noreferrer\">GSVBw Typ C: GSVBw mit Luftk\u00fchlung (Dieser GSVBw-Typ wurde nicht errichtet)<\/a><\/p>\n<p><a href=\"https:\/\/www.vorbei-ev.de\/wwwa\/virtuelles-gsvbw-museum-grundriss-gsvbw-typ-d\/\" target=\"_blank\" rel=\"noopener noreferrer\">GSVBw Typ D: GSVBw mit Wetterfernmeldestelle und Luftk\u00fchlung<\/a><\/p>\n<p><a href=\"https:\/\/www.vorbei-ev.de\/wwwa\/virtuelles-gsvbw-museum-grundriss-gsvbw45-jesberg\/\" target=\"_blank\" rel=\"noopener noreferrer\">GSVBw 45: Sonderbauform: Angemietete R\u00e4ume in VrSt der Deutschen Bundespost<\/a><\/p>\n<p>Die Fernmeldebetriebsr\u00e4ume einer unterirdischen GSVBw wurden in einem Stollensystem (Hohlganganlage) eingerichtet. Die Erstellung des Stollensystems erfolgte im bergm\u00e4nnischen Untertagebau. Die unterirdische GSVBw ben\u00f6tigte einen etwa um 1\/3 gr\u00f6\u00dferen Raumbedarf als die oberirdische Anlage. Bei der Standortwahl wurden, neben den fernmeldetechnischen Voraussetzungen, m\u00f6glichst steile Bergflanken gesucht, um bereits nach kurzem Vortrieb eine hohe Erd\u00fcberdeckung zu erreichen. Die Hohlganganlage konnte nur \u00fcber einen gekr\u00fcmmten Verkehrstollen erreicht werden. Der Verkehrstollen wurde mit zwei Eingangsbauwerken ohne Luftdruckabschluss ausgestattet. Durch diese Bauweise konnten Druckwellen, die durch Waffenwirkung hervorgerufen wurden, den Verkehrstollen durchlaufen (Durchblaseffekt). Die Platzierung von Druckabschl\u00fcssen erfolgte erst an den Verbindungsstellen zwischen Verkehrs- und Betriebsstollen. Insgesamt wurden 2 Hohlganganlagen f\u00fcr unterirdische GSVBw errichtet. Die Betriebsaufnahme erfolgte jedoch nur in der GSVBw 47 Niederbrombach. Die zweite Anlage, die GSVBw 44 St. Martin, wurde nicht fertig gestellt. Die Hohlganganlage wurde im Rohbau belassen und verschlossen.<\/p>\n<p>&nbsp;<\/p>\n<h2>Unterirdische GSVBw-Typen mit Grundrissen:<\/h2>\n<p><a href=\"https:\/\/www.vorbei-ev.de\/wwwa\/virtuelles-gsvbw-museum-grundriss-gsvbw44-st-martin\/\" target=\"_blank\" rel=\"noopener noreferrer\">GSVBw 44 St. Martin<\/a><\/p>\n<p><a href=\"https:\/\/www.vorbei-ev.de\/wwwa\/virtuelles-gsvbw-museum-grundriss-gsvbw47-niederbrombach\/\" target=\"_blank\" rel=\"noopener noreferrer\">GSVBw 47 Niederbrombach<\/a><\/p>\n<p>&nbsp;<\/p>\n<table>\n<tbody>\n<tr>\n<td style=\"width: 30%; background-color: #bebebe; text-align: center; vertical-align: middle;\">&lt; <a href=\"https:\/\/www.vorbei-ev.de\/wwwa\/virtuelles-gsvbw-museum-nicht-fertiggestelle-gsvbw\/\">Vorherige Seite<\/a><\/td>\n<td style=\"width: 5%; text-align: center; vertical-align: middle;\"><\/td>\n<td style=\"width: 30%; background-color: #bebebe; text-align: center; vertical-align: middle;\"><a href=\"https:\/\/www.vorbei-ev.de\/wwwa\/virtuelles-gsvbw-museum-einleitung-und-themenuebersicht\/\"><span style=\"color: #333333;\">Zur\u00fcck zur Einleitung<\/span><\/a><\/td>\n<td style=\"width: 5%; text-align: center; vertical-align: middle;\"><\/td>\n<td style=\"width: 30%; background-color: #bebebe; text-align: center; vertical-align: middle;\"><a href=\"https:\/\/www.vorbei-ev.de\/wwwa\/virtuelles-gsvbw-museum-grundriss-gsvbw-typ-a\/\">N\u00e4chste Seite<\/a> &gt;<\/td>\n<\/tr>\n<\/tbody>\n<\/table>\n<div class=\"shariff shariff-align-left shariff-widget-align-left shariff-buttonstretch\" data-services=\"facebook\" data-url=\"https:\/\/www.vorbei-ev.de\/wwwa\/virtuelles-gsvbw-museum-verschiedene-ausfuehrungen-des-fernmeldebetriebsgebaeudes\/\" data-timestamp=\"1498077759\" data-backendurl=\"https:\/\/www.vorbei-ev.de\/wwwa\/wp-json\/shariff\/v1\/share_counts?\"><ul class=\"shariff-buttons theme-default orientation-horizontal buttonsize-medium\"><li class=\"shariff-button facebook shariff-nocustomcolor\" style=\"background-color:#4273c8\"><a href=\"https:\/\/www.facebook.com\/sharer\/sharer.php?u=https%3A%2F%2Fwww.vorbei-ev.de%2Fwwwa%2Fvirtuelles-gsvbw-museum-verschiedene-ausfuehrungen-des-fernmeldebetriebsgebaeudes%2F\" title=\"Bei Facebook teilen\" aria-label=\"Bei Facebook teilen\" role=\"button\" rel=\"nofollow\" class=\"shariff-link\" style=\"; background-color:#3b5998; color:#fff\" target=\"_blank\"><span class=\"shariff-icon\" style=\"\"><svg width=\"32px\" height=\"20px\" xmlns=\"http:\/\/www.w3.org\/2000\/svg\" viewBox=\"0 0 18 32\"><path fill=\"#3b5998\" d=\"M17.1 0.2v4.7h-2.8q-1.5 0-2.1 0.6t-0.5 1.9v3.4h5.2l-0.7 5.3h-4.5v13.6h-5.5v-13.6h-4.5v-5.3h4.5v-3.9q0-3.3 1.9-5.2t5-1.8q2.6 0 4.1 0.2z\"\/><\/svg><\/span><span class=\"shariff-text\">teilen<\/span>&nbsp;<\/a><\/li><li class=\"shariff-button twitter shariff-nocustomcolor\" style=\"background-color:#595959\"><a href=\"https:\/\/twitter.com\/share?url=https%3A%2F%2Fwww.vorbei-ev.de%2Fwwwa%2Fvirtuelles-gsvbw-museum-verschiedene-ausfuehrungen-des-fernmeldebetriebsgebaeudes%2F&text=Virtuelles%20GSVBw-Museum%3A%20Verschiedene%20Ausf%C3%BChrungen%20des%20Fernmeldebetriebsgeb%C3%A4udes\" title=\"Bei X teilen\" aria-label=\"Bei X teilen\" role=\"button\" rel=\"noopener nofollow\" class=\"shariff-link\" style=\"; background-color:#000; color:#fff\" target=\"_blank\"><span class=\"shariff-icon\" style=\"\"><svg width=\"32px\" height=\"20px\" xmlns=\"http:\/\/www.w3.org\/2000\/svg\" viewBox=\"0 0 24 24\"><path fill=\"#000\" d=\"M14.258 10.152L23.176 0h-2.113l-7.747 8.813L7.133 0H0l9.352 13.328L0 23.973h2.113l8.176-9.309 6.531 9.309h7.133zm-2.895 3.293l-.949-1.328L2.875 1.56h3.246l6.086 8.523.945 1.328 7.91 11.078h-3.246zm0 0\"\/><\/svg><\/span><span class=\"shariff-text\">teilen<\/span>&nbsp;<\/a><\/li><li class=\"shariff-button whatsapp shariff-nocustomcolor\" style=\"background-color:#5cbe4a\"><a href=\"https:\/\/api.whatsapp.com\/send?text=https%3A%2F%2Fwww.vorbei-ev.de%2Fwwwa%2Fvirtuelles-gsvbw-museum-verschiedene-ausfuehrungen-des-fernmeldebetriebsgebaeudes%2F%20Virtuelles%20GSVBw-Museum%3A%20Verschiedene%20Ausf%C3%BChrungen%20des%20Fernmeldebetriebsgeb%C3%A4udes\" title=\"Bei Whatsapp teilen\" aria-label=\"Bei Whatsapp teilen\" role=\"button\" rel=\"noopener nofollow\" class=\"shariff-link\" style=\"; background-color:#34af23; color:#fff\" target=\"_blank\"><span class=\"shariff-icon\" style=\"\"><svg width=\"32px\" height=\"20px\" xmlns=\"http:\/\/www.w3.org\/2000\/svg\" viewBox=\"0 0 32 32\"><path fill=\"#34af23\" d=\"M17.6 17.4q0.2 0 1.7 0.8t1.6 0.9q0 0.1 0 0.3 0 0.6-0.3 1.4-0.3 0.7-1.3 1.2t-1.8 0.5q-1 0-3.4-1.1-1.7-0.8-3-2.1t-2.6-3.3q-1.3-1.9-1.3-3.5v-0.1q0.1-1.6 1.3-2.8 0.4-0.4 0.9-0.4 0.1 0 0.3 0t0.3 0q0.3 0 0.5 0.1t0.3 0.5q0.1 0.4 0.6 1.6t0.4 1.3q0 0.4-0.6 1t-0.6 0.8q0 0.1 0.1 0.3 0.6 1.3 1.8 2.4 1 0.9 2.7 1.8 0.2 0.1 0.4 0.1 0.3 0 1-0.9t0.9-0.9zM14 26.9q2.3 0 4.3-0.9t3.6-2.4 2.4-3.6 0.9-4.3-0.9-4.3-2.4-3.6-3.6-2.4-4.3-0.9-4.3 0.9-3.6 2.4-2.4 3.6-0.9 4.3q0 3.6 2.1 6.6l-1.4 4.2 4.3-1.4q2.8 1.9 6.2 1.9zM14 2.2q2.7 0 5.2 1.1t4.3 2.9 2.9 4.3 1.1 5.2-1.1 5.2-2.9 4.3-4.3 2.9-5.2 1.1q-3.5 0-6.5-1.7l-7.4 2.4 2.4-7.2q-1.9-3.2-1.9-6.9 0-2.7 1.1-5.2t2.9-4.3 4.3-2.9 5.2-1.1z\"\/><\/svg><\/span><span class=\"shariff-text\">teilen<\/span>&nbsp;<\/a><\/li><li class=\"shariff-button telegram shariff-nocustomcolor\" style=\"background-color:#4084A6\"><a href=\"https:\/\/telegram.me\/share\/url?url=https%3A%2F%2Fwww.vorbei-ev.de%2Fwwwa%2Fvirtuelles-gsvbw-museum-verschiedene-ausfuehrungen-des-fernmeldebetriebsgebaeudes%2F&text=Virtuelles%20GSVBw-Museum%3A%20Verschiedene%20Ausf%C3%BChrungen%20des%20Fernmeldebetriebsgeb%C3%A4udes\" title=\"Bei Telegram teilen\" aria-label=\"Bei Telegram teilen\" role=\"button\" rel=\"noopener nofollow\" class=\"shariff-link\" style=\"; background-color:#0088cc; color:#fff\" target=\"_blank\"><span class=\"shariff-icon\" style=\"\"><svg width=\"32px\" height=\"20px\" xmlns=\"http:\/\/www.w3.org\/2000\/svg\" viewBox=\"0 0 32 32\"><path fill=\"#0088cc\" d=\"M30.8 6.5l-4.5 21.4c-.3 1.5-1.2 1.9-2.5 1.2L16.9 24l-3.3 3.2c-.4.4-.7.7-1.4.7l.5-7L25.5 9.2c.6-.5-.1-.8-.9-.3l-15.8 10L2 16.7c-1.5-.5-1.5-1.5.3-2.2L28.9 4.3c1.3-.5 2.3.3 1.9 2.2z\"\/><\/svg><\/span><span class=\"shariff-text\">teilen<\/span>&nbsp;<\/a><\/li><\/ul><\/div>","protected":false},"excerpt":{"rendered":"<p>GSVBw &#8211; Die Grundnetzschalt- und Vermittlungsstellen der Bundeswehr Verschiedene Ausf\u00fchrungen des Fernmeldebetriebsgeb\u00e4udes (Objekt1) einer GSVBw In der GSVBw-Bauplanung und Bauausf\u00fchrung wurde zwischen zwei Bauformen, der oberirdischen GSVBw und der unterirdischen GSVBw, unterschieden. In einer oberirdischen GSVBw wurde das Fernmeldebetriebsgeb\u00e4ude in Form eines biegesteifen Betonk\u00f6rpers als Schutzbau errichtet. Neben dem GSVBw-Typ konnte noch zwischen drei Bauweisen &hellip; <\/p>\n<p class=\"link-more\"><a href=\"https:\/\/www.vorbei-ev.de\/wwwa\/virtuelles-gsvbw-museum-verschiedene-ausfuehrungen-des-fernmeldebetriebsgebaeudes\/\" class=\"more-link\"><span class=\"screen-reader-text\">\u201eVirtuelles GSVBw-Museum: Verschiedene Ausf\u00fchrungen des Fernmeldebetriebsgeb\u00e4udes\u201c <\/span>weiterlesen<\/a><\/p>\n","protected":false},"author":2,"featured_media":0,"parent":0,"menu_order":0,"comment_status":"closed","ping_status":"closed","template":"","meta":{"footnotes":""},"class_list":["post-1982","page","type-page","status-publish","hentry"],"yoast_head":"<!-- This site is optimized with the Yoast SEO plugin v27.4 - https:\/\/yoast.com\/product\/yoast-seo-wordpress\/ -->\n<title>Virtuelles GSVBw-Museum: Verschiedene Ausf\u00fchrungen des Fernmeldebetriebsgeb\u00e4udes - Vorbei e.V.<\/title>\n<meta name=\"description\" content=\"GSVBw - Die Grundnetzschalt- und Vermittlungsstellen der Bundeswehr Verschiedene Ausf\u00fchrungen des Fernmeldebetriebsgeb\u00e4udes (Objekt1) einer GSVBw In der\" \/>\n<meta name=\"robots\" content=\"index, follow, max-snippet:-1, max-image-preview:large, max-video-preview:-1\" \/>\n<link rel=\"canonical\" href=\"https:\/\/www.vorbei-ev.de\/wwwa\/virtuelles-gsvbw-museum-verschiedene-ausfuehrungen-des-fernmeldebetriebsgebaeudes\/\" \/>\n<meta property=\"og:locale\" content=\"de_DE\" \/>\n<meta property=\"og:type\" content=\"article\" \/>\n<meta property=\"og:title\" content=\"Virtuelles GSVBw-Museum: Verschiedene Ausf\u00fchrungen des Fernmeldebetriebsgeb\u00e4udes - Vorbei e.V.\" \/>\n<meta property=\"og:description\" content=\"GSVBw - Die Grundnetzschalt- und Vermittlungsstellen der Bundeswehr Verschiedene Ausf\u00fchrungen des Fernmeldebetriebsgeb\u00e4udes (Objekt1) einer GSVBw In der\" \/>\n<meta property=\"og:url\" content=\"https:\/\/www.vorbei-ev.de\/wwwa\/virtuelles-gsvbw-museum-verschiedene-ausfuehrungen-des-fernmeldebetriebsgebaeudes\/\" \/>\n<meta property=\"og:site_name\" content=\"Vorbei e.V.\" \/>\n<meta property=\"article:publisher\" content=\"https:\/\/www.facebook.com\/groups\/107150626035606\/\" \/>\n<meta property=\"article:modified_time\" content=\"2017-06-21T18:42:39+00:00\" \/>\n<meta property=\"og:image\" content=\"https:\/\/www.vorbei-ev.de\/wwwa\/wp-content\/uploads\/2017\/04\/grafik_gsvbw-bauformen.gif\" \/>\n<meta name=\"twitter:card\" content=\"summary_large_image\" \/>\n<meta name=\"twitter:label1\" content=\"Gesch\u00e4tzte Lesezeit\" \/>\n\t<meta name=\"twitter:data1\" content=\"2\u00a0Minuten\" \/>\n<script type=\"application\/ld+json\" class=\"yoast-schema-graph\">{\"@context\":\"https:\\\/\\\/schema.org\",\"@graph\":[{\"@type\":\"WebPage\",\"@id\":\"https:\\\/\\\/www.vorbei-ev.de\\\/wwwa\\\/virtuelles-gsvbw-museum-verschiedene-ausfuehrungen-des-fernmeldebetriebsgebaeudes\\\/\",\"url\":\"https:\\\/\\\/www.vorbei-ev.de\\\/wwwa\\\/virtuelles-gsvbw-museum-verschiedene-ausfuehrungen-des-fernmeldebetriebsgebaeudes\\\/\",\"name\":\"Virtuelles GSVBw-Museum: Verschiedene Ausf\u00fchrungen des Fernmeldebetriebsgeb\u00e4udes - Vorbei e.V.\",\"isPartOf\":{\"@id\":\"https:\\\/\\\/www.vorbei-ev.de\\\/wwwa\\\/#website\"},\"primaryImageOfPage\":{\"@id\":\"https:\\\/\\\/www.vorbei-ev.de\\\/wwwa\\\/virtuelles-gsvbw-museum-verschiedene-ausfuehrungen-des-fernmeldebetriebsgebaeudes\\\/#primaryimage\"},\"image\":{\"@id\":\"https:\\\/\\\/www.vorbei-ev.de\\\/wwwa\\\/virtuelles-gsvbw-museum-verschiedene-ausfuehrungen-des-fernmeldebetriebsgebaeudes\\\/#primaryimage\"},\"thumbnailUrl\":\"https:\\\/\\\/www.vorbei-ev.de\\\/wwwa\\\/wp-content\\\/uploads\\\/2017\\\/04\\\/grafik_gsvbw-bauformen.gif\",\"datePublished\":\"2017-04-08T07:13:01+00:00\",\"dateModified\":\"2017-06-21T18:42:39+00:00\",\"description\":\"GSVBw - Die Grundnetzschalt- und Vermittlungsstellen der Bundeswehr Verschiedene Ausf\u00fchrungen des Fernmeldebetriebsgeb\u00e4udes (Objekt1) einer GSVBw In der\",\"breadcrumb\":{\"@id\":\"https:\\\/\\\/www.vorbei-ev.de\\\/wwwa\\\/virtuelles-gsvbw-museum-verschiedene-ausfuehrungen-des-fernmeldebetriebsgebaeudes\\\/#breadcrumb\"},\"inLanguage\":\"de\",\"potentialAction\":[{\"@type\":\"ReadAction\",\"target\":[\"https:\\\/\\\/www.vorbei-ev.de\\\/wwwa\\\/virtuelles-gsvbw-museum-verschiedene-ausfuehrungen-des-fernmeldebetriebsgebaeudes\\\/\"]}]},{\"@type\":\"ImageObject\",\"inLanguage\":\"de\",\"@id\":\"https:\\\/\\\/www.vorbei-ev.de\\\/wwwa\\\/virtuelles-gsvbw-museum-verschiedene-ausfuehrungen-des-fernmeldebetriebsgebaeudes\\\/#primaryimage\",\"url\":\"https:\\\/\\\/www.vorbei-ev.de\\\/wwwa\\\/wp-content\\\/uploads\\\/2017\\\/04\\\/grafik_gsvbw-bauformen.gif\",\"contentUrl\":\"https:\\\/\\\/www.vorbei-ev.de\\\/wwwa\\\/wp-content\\\/uploads\\\/2017\\\/04\\\/grafik_gsvbw-bauformen.gif\",\"width\":800,\"height\":266},{\"@type\":\"BreadcrumbList\",\"@id\":\"https:\\\/\\\/www.vorbei-ev.de\\\/wwwa\\\/virtuelles-gsvbw-museum-verschiedene-ausfuehrungen-des-fernmeldebetriebsgebaeudes\\\/#breadcrumb\",\"itemListElement\":[{\"@type\":\"ListItem\",\"position\":1,\"name\":\"Startseite\",\"item\":\"https:\\\/\\\/www.vorbei-ev.de\\\/wwwa\\\/\"},{\"@type\":\"ListItem\",\"position\":2,\"name\":\"Virtuelles GSVBw-Museum: Verschiedene Ausf\u00fchrungen des Fernmeldebetriebsgeb\u00e4udes\"}]},{\"@type\":\"WebSite\",\"@id\":\"https:\\\/\\\/www.vorbei-ev.de\\\/wwwa\\\/#website\",\"url\":\"https:\\\/\\\/www.vorbei-ev.de\\\/wwwa\\\/\",\"name\":\"Vorbei e.V.\",\"description\":\"Dokumentation und Erhalt zeitgeschichtlicher Bauwerke\",\"publisher\":{\"@id\":\"https:\\\/\\\/www.vorbei-ev.de\\\/wwwa\\\/#organization\"},\"potentialAction\":[{\"@type\":\"SearchAction\",\"target\":{\"@type\":\"EntryPoint\",\"urlTemplate\":\"https:\\\/\\\/www.vorbei-ev.de\\\/wwwa\\\/?s={search_term_string}\"},\"query-input\":{\"@type\":\"PropertyValueSpecification\",\"valueRequired\":true,\"valueName\":\"search_term_string\"}}],\"inLanguage\":\"de\"},{\"@type\":\"Organization\",\"@id\":\"https:\\\/\\\/www.vorbei-ev.de\\\/wwwa\\\/#organization\",\"name\":\"Vorbei e.V.\",\"url\":\"https:\\\/\\\/www.vorbei-ev.de\\\/wwwa\\\/\",\"logo\":{\"@type\":\"ImageObject\",\"inLanguage\":\"de\",\"@id\":\"https:\\\/\\\/www.vorbei-ev.de\\\/wwwa\\\/#\\\/schema\\\/logo\\\/image\\\/\",\"url\":\"https:\\\/\\\/www.vorbei-ev.de\\\/wwwa\\\/wp-content\\\/uploads\\\/2017\\\/04\\\/Logo_schwarz_640px.png\",\"contentUrl\":\"https:\\\/\\\/www.vorbei-ev.de\\\/wwwa\\\/wp-content\\\/uploads\\\/2017\\\/04\\\/Logo_schwarz_640px.png\",\"width\":640,\"height\":120,\"caption\":\"Vorbei e.V.\"},\"image\":{\"@id\":\"https:\\\/\\\/www.vorbei-ev.de\\\/wwwa\\\/#\\\/schema\\\/logo\\\/image\\\/\"},\"sameAs\":[\"https:\\\/\\\/www.facebook.com\\\/groups\\\/107150626035606\\\/\"]}]}<\/script>\n<!-- \/ Yoast SEO plugin. -->","yoast_head_json":{"title":"Virtuelles GSVBw-Museum: Verschiedene Ausf\u00fchrungen des Fernmeldebetriebsgeb\u00e4udes - Vorbei e.V.","description":"GSVBw - Die Grundnetzschalt- und Vermittlungsstellen der Bundeswehr Verschiedene Ausf\u00fchrungen des Fernmeldebetriebsgeb\u00e4udes (Objekt1) einer GSVBw In der","robots":{"index":"index","follow":"follow","max-snippet":"max-snippet:-1","max-image-preview":"max-image-preview:large","max-video-preview":"max-video-preview:-1"},"canonical":"https:\/\/www.vorbei-ev.de\/wwwa\/virtuelles-gsvbw-museum-verschiedene-ausfuehrungen-des-fernmeldebetriebsgebaeudes\/","og_locale":"de_DE","og_type":"article","og_title":"Virtuelles GSVBw-Museum: Verschiedene Ausf\u00fchrungen des Fernmeldebetriebsgeb\u00e4udes - Vorbei e.V.","og_description":"GSVBw - Die Grundnetzschalt- und Vermittlungsstellen der Bundeswehr Verschiedene Ausf\u00fchrungen des Fernmeldebetriebsgeb\u00e4udes (Objekt1) einer GSVBw In der","og_url":"https:\/\/www.vorbei-ev.de\/wwwa\/virtuelles-gsvbw-museum-verschiedene-ausfuehrungen-des-fernmeldebetriebsgebaeudes\/","og_site_name":"Vorbei e.V.","article_publisher":"https:\/\/www.facebook.com\/groups\/107150626035606\/","article_modified_time":"2017-06-21T18:42:39+00:00","og_image":[{"url":"https:\/\/www.vorbei-ev.de\/wwwa\/wp-content\/uploads\/2017\/04\/grafik_gsvbw-bauformen.gif","type":"","width":"","height":""}],"twitter_card":"summary_large_image","twitter_misc":{"Gesch\u00e4tzte Lesezeit":"2\u00a0Minuten"},"schema":{"@context":"https:\/\/schema.org","@graph":[{"@type":"WebPage","@id":"https:\/\/www.vorbei-ev.de\/wwwa\/virtuelles-gsvbw-museum-verschiedene-ausfuehrungen-des-fernmeldebetriebsgebaeudes\/","url":"https:\/\/www.vorbei-ev.de\/wwwa\/virtuelles-gsvbw-museum-verschiedene-ausfuehrungen-des-fernmeldebetriebsgebaeudes\/","name":"Virtuelles GSVBw-Museum: Verschiedene Ausf\u00fchrungen des Fernmeldebetriebsgeb\u00e4udes - Vorbei e.V.","isPartOf":{"@id":"https:\/\/www.vorbei-ev.de\/wwwa\/#website"},"primaryImageOfPage":{"@id":"https:\/\/www.vorbei-ev.de\/wwwa\/virtuelles-gsvbw-museum-verschiedene-ausfuehrungen-des-fernmeldebetriebsgebaeudes\/#primaryimage"},"image":{"@id":"https:\/\/www.vorbei-ev.de\/wwwa\/virtuelles-gsvbw-museum-verschiedene-ausfuehrungen-des-fernmeldebetriebsgebaeudes\/#primaryimage"},"thumbnailUrl":"https:\/\/www.vorbei-ev.de\/wwwa\/wp-content\/uploads\/2017\/04\/grafik_gsvbw-bauformen.gif","datePublished":"2017-04-08T07:13:01+00:00","dateModified":"2017-06-21T18:42:39+00:00","description":"GSVBw - Die Grundnetzschalt- und Vermittlungsstellen der Bundeswehr Verschiedene Ausf\u00fchrungen des Fernmeldebetriebsgeb\u00e4udes (Objekt1) einer GSVBw In der","breadcrumb":{"@id":"https:\/\/www.vorbei-ev.de\/wwwa\/virtuelles-gsvbw-museum-verschiedene-ausfuehrungen-des-fernmeldebetriebsgebaeudes\/#breadcrumb"},"inLanguage":"de","potentialAction":[{"@type":"ReadAction","target":["https:\/\/www.vorbei-ev.de\/wwwa\/virtuelles-gsvbw-museum-verschiedene-ausfuehrungen-des-fernmeldebetriebsgebaeudes\/"]}]},{"@type":"ImageObject","inLanguage":"de","@id":"https:\/\/www.vorbei-ev.de\/wwwa\/virtuelles-gsvbw-museum-verschiedene-ausfuehrungen-des-fernmeldebetriebsgebaeudes\/#primaryimage","url":"https:\/\/www.vorbei-ev.de\/wwwa\/wp-content\/uploads\/2017\/04\/grafik_gsvbw-bauformen.gif","contentUrl":"https:\/\/www.vorbei-ev.de\/wwwa\/wp-content\/uploads\/2017\/04\/grafik_gsvbw-bauformen.gif","width":800,"height":266},{"@type":"BreadcrumbList","@id":"https:\/\/www.vorbei-ev.de\/wwwa\/virtuelles-gsvbw-museum-verschiedene-ausfuehrungen-des-fernmeldebetriebsgebaeudes\/#breadcrumb","itemListElement":[{"@type":"ListItem","position":1,"name":"Startseite","item":"https:\/\/www.vorbei-ev.de\/wwwa\/"},{"@type":"ListItem","position":2,"name":"Virtuelles GSVBw-Museum: Verschiedene Ausf\u00fchrungen des Fernmeldebetriebsgeb\u00e4udes"}]},{"@type":"WebSite","@id":"https:\/\/www.vorbei-ev.de\/wwwa\/#website","url":"https:\/\/www.vorbei-ev.de\/wwwa\/","name":"Vorbei e.V.","description":"Dokumentation und Erhalt zeitgeschichtlicher Bauwerke","publisher":{"@id":"https:\/\/www.vorbei-ev.de\/wwwa\/#organization"},"potentialAction":[{"@type":"SearchAction","target":{"@type":"EntryPoint","urlTemplate":"https:\/\/www.vorbei-ev.de\/wwwa\/?s={search_term_string}"},"query-input":{"@type":"PropertyValueSpecification","valueRequired":true,"valueName":"search_term_string"}}],"inLanguage":"de"},{"@type":"Organization","@id":"https:\/\/www.vorbei-ev.de\/wwwa\/#organization","name":"Vorbei e.V.","url":"https:\/\/www.vorbei-ev.de\/wwwa\/","logo":{"@type":"ImageObject","inLanguage":"de","@id":"https:\/\/www.vorbei-ev.de\/wwwa\/#\/schema\/logo\/image\/","url":"https:\/\/www.vorbei-ev.de\/wwwa\/wp-content\/uploads\/2017\/04\/Logo_schwarz_640px.png","contentUrl":"https:\/\/www.vorbei-ev.de\/wwwa\/wp-content\/uploads\/2017\/04\/Logo_schwarz_640px.png","width":640,"height":120,"caption":"Vorbei e.V."},"image":{"@id":"https:\/\/www.vorbei-ev.de\/wwwa\/#\/schema\/logo\/image\/"},"sameAs":["https:\/\/www.facebook.com\/groups\/107150626035606\/"]}]}},"_links":{"self":[{"href":"https:\/\/www.vorbei-ev.de\/wwwa\/wp-json\/wp\/v2\/pages\/1982","targetHints":{"allow":["GET"]}}],"collection":[{"href":"https:\/\/www.vorbei-ev.de\/wwwa\/wp-json\/wp\/v2\/pages"}],"about":[{"href":"https:\/\/www.vorbei-ev.de\/wwwa\/wp-json\/wp\/v2\/types\/page"}],"author":[{"embeddable":true,"href":"https:\/\/www.vorbei-ev.de\/wwwa\/wp-json\/wp\/v2\/users\/2"}],"replies":[{"embeddable":true,"href":"https:\/\/www.vorbei-ev.de\/wwwa\/wp-json\/wp\/v2\/comments?post=1982"}],"version-history":[{"count":6,"href":"https:\/\/www.vorbei-ev.de\/wwwa\/wp-json\/wp\/v2\/pages\/1982\/revisions"}],"predecessor-version":[{"id":6259,"href":"https:\/\/www.vorbei-ev.de\/wwwa\/wp-json\/wp\/v2\/pages\/1982\/revisions\/6259"}],"wp:attachment":[{"href":"https:\/\/www.vorbei-ev.de\/wwwa\/wp-json\/wp\/v2\/media?parent=1982"}],"curies":[{"name":"wp","href":"https:\/\/api.w.org\/{rel}","templated":true}]}}